{"id":10360,"date":"2025-04-24T14:21:58","date_gmt":"2025-04-24T14:21:58","guid":{"rendered":"https:\/\/fisio-shop.pt\/loja\/standing-frame-electrico-p-adulto\/"},"modified":"2026-05-15T17:15:13","modified_gmt":"2026-05-15T17:15:13","slug":"standing-frame-electrico-p-adulto","status":"publish","type":"product","link":"https:\/\/fisio-shop.pt\/?product=standing-frame-electrico-p-adulto","title":{"rendered":"STANDING FRAME ELECTRICO P\/ADULTO PRO"},"content":{"rendered":"<ul>\n<li>Standing Frame especialmente projetado para atender \u00e0s necessidades das pessoas com defici\u00eancia.<\/li>\n<li>O treino di\u00e1rio em p\u00e9 pode ajudar no incremento da circula\u00e7\u00e3o sangu\u00ednea, na profilaxia da osteoporose, no esvaziamento do trato urin\u00e1rio superior, na profilaxia da contratura e na melhoria da respira\u00e7\u00e3o.<\/li>\n<li>Permite uma posi\u00e7\u00e3o independente, est\u00e1vel e segura.<\/li>\n<\/ul>\n<p><strong>Caracter\u00edsticas especificas:<\/strong><\/p>\n<ul>\n<li>4 rodas girat\u00f3rias duplas com trav\u00e3o total;<\/li>\n<li>Sistema de retra\u00e7\u00e3o do cinto: el\u00e9trico com interruptor manual e controle de suc\u00e7\u00e3o \/ soprador, incluindo cinto de reten\u00e7\u00e3o do paciente com fundo;<\/li>\n<li>Acess\u00f3rio de al\u00e7a ajust\u00e1vel em altura;<\/li>\n<li>Placa de p\u00e9 com conchas de calcanhar e fixa\u00e7\u00e3o de dedo do p\u00e9;<\/li>\n<li>Ajuste de altura da mesa com suporte de mola a g\u00e1s;<\/li>\n<li>Tabuleiro com recorte almofadado;<\/li>\n<li>Joelheiras ajust\u00e1veis \u200b\u200bem altura e profundidade, com ajuste horizontal e angular;<\/li>\n<li>Cinto de conten\u00e7\u00e3o tamanho L (C70 x L25) cm;<\/li>\n<li>2 corrim\u00e3os de a\u00e7o inoxid\u00e1vel paralelos ajust\u00e1veis \u200b\u200bem altura;<\/li>\n<li>Comprimento total: 118 cm;<\/li>\n<li>Largura total: 77 cm;<\/li>\n<li>Altura da barra de liga\u00e7\u00e3o: 84 \u2013 107 cm;<\/li>\n<li>Largura da barra de gravata: 48 cm;<\/li>\n<li>Altura da mesa: 100 \u2013 130 cm;<\/li>\n<li>Largura da mesa: 66 cm;<\/li>\n<li>Comprimento da mesa: 59 cm;<\/li>\n<li>M\u00edn.\/M\u00e1x. altura do paciente: 140 \u2013 220 cm;<\/li>\n<li>Peso m\u00e1ximo do utilizador: 120Kg;<\/li>\n<li>Pais de origem: Alemanha.<\/li>\n<\/ul>\n<p><strong>Acess\u00f3rios opcionais dispon\u00edveis:<\/strong><\/p>\n<ul>\n<li>Arn\u00eas de suporte de eleva\u00e7\u00e3o:<\/li>\n<li>KR-608-X: Tamanho S;<\/li>\n<li>KR-607-X: Tamanho M;<\/li>\n<li>KR-606-X: Tamanho L.<\/li>\n<li>Barra com 2 almofadas de quadril ajust\u00e1veis: KR-620-X.<\/li>\n<li>Suporte tor\u00e1cico e de cabe\u00e7a: KR-631-X.<strong>\u00a0<\/strong><\/li>\n<li>Placa de p\u00e9 ajust\u00e1vel horizontalmente 10cm:KR-720-X.<\/li>\n<li>Placa de p\u00e9 ajust\u00e1vel verticalmente 20 cm:KR-721-X.<\/li>\n<li>Prato de mesa ajust\u00e1vel horizontalmente 9 cm:KR-710-X.<\/li>\n<\/ul>\n","protected":false},"excerpt":{"rendered":"<p>Standing Frame Electrico para Adulto Pro<\/p>\n","protected":false},"featured_media":12604,"comment_status":"open","ping_status":"closed","template":"","meta":{"rs_blank_template":"","rs_page_bg_color":"","slide_template_v7":""},"product_brand":[],"product_cat":[1397,1401,1422],"product_tag":[1009],"class_list":{"0":"post-10360","1":"product","2":"type-product","3":"status-publish","4":"has-post-thumbnail","6":"product_cat-saude","7":"product_cat-equipamentos-para-medicina-fisica-e-reabilitacao","8":"product_cat-mesas-de-verticalizacao-standing-frames-e-mesas-de-reabilitacao","9":"product_tag-standing-frame-electrico","11":"first","12":"instock","13":"shipping-taxable","14":"product-type-simple"},"aioseo_notices":[],"etheme_brands":{"errors":{"invalid_taxonomy":["Taxonomia inv\u00e1lida."]},"error_data":[]},"aioseo_head":"\n\t\t<!-- All in One SEO Pro 4.9.0 - aioseo.com -->\n\t<meta name=\"description\" content=\"Standing Frame Electrico para Adulto Pro\" \/>\n\t<meta name=\"robots\" content=\"max-image-preview:large\" \/>\n\t<link rel=\"canonical\" href=\"https:\/\/fisio-shop.pt\/?product=standing-frame-electrico-p-adulto\" \/>\n\t<meta name=\"generator\" content=\"All in One SEO Pro (AIOSEO) 4.9.0\" \/>\n\t\t<meta property=\"og:locale\" content=\"pt_PT\" \/>\n\t\t<meta property=\"og:site_name\" content=\"Fisio-shop - Empresa especializada na distribui\u00e7\u00e3o de equipamentos profissionais para os mercados da Fisioterapia, Geriatria, Fitness e Medicina Desportiva.\" \/>\n\t\t<meta property=\"og:type\" content=\"article\" \/>\n\t\t<meta property=\"og:title\" content=\"STANDING FRAME ELECTRICO P\/ADULTO PRO - Fisio-shop\" \/>\n\t\t<meta property=\"og:description\" content=\"Standing Frame Electrico para Adulto Pro\" \/>\n\t\t<meta property=\"og:url\" content=\"https:\/\/fisio-shop.pt\/?product=standing-frame-electrico-p-adulto\" \/>\n\t\t<meta property=\"og:image\" content=\"https:\/\/fisio-shop.pt\/wp-content\/uploads\/2026\/04\/android-chrome-192x192-1.png\" \/>\n\t\t<meta property=\"og:image:secure_url\" content=\"https:\/\/fisio-shop.pt\/wp-content\/uploads\/2026\/04\/android-chrome-192x192-1.png\" \/>\n\t\t<meta property=\"article:published_time\" content=\"2025-04-24T14:21:58+00:00\" \/>\n\t\t<meta property=\"article:modified_time\" content=\"2026-05-15T17:15:13+00:00\" \/>\n\t\t<meta property=\"article:publisher\" content=\"https:\/\/www.facebook.com\/p\/Fisioshop-Comrcio-de-Equipamentos-Lda-100036934916130\/\" \/>\n\t\t<meta name=\"twitter:card\" content=\"summary_large_image\" \/>\n\t\t<meta name=\"twitter:title\" content=\"STANDING FRAME ELECTRICO P\/ADULTO PRO - Fisio-shop\" \/>\n\t\t<meta name=\"twitter:description\" content=\"Standing Frame Electrico para Adulto Pro\" \/>\n\t\t<meta name=\"twitter:image\" content=\"https:\/\/fisio-shop.pt\/wp-content\/uploads\/2026\/04\/android-chrome-192x192-1.png\" \/>\n\t\t<script type=\"application\/ld+json\" class=\"aioseo-schema\">\n\t\t\t{\"@context\":\"https:\\\/\\\/schema.org\",\"@graph\":[{\"@type\":\"BreadcrumbList\",\"@id\":\"https:\\\/\\\/fisio-shop.pt\\\/?product=standing-frame-electrico-p-adulto#breadcrumblist\",\"itemListElement\":[{\"@type\":\"ListItem\",\"@id\":\"https:\\\/\\\/fisio-shop.pt#listItem\",\"position\":1,\"name\":\"Home\",\"item\":\"https:\\\/\\\/fisio-shop.pt\",\"nextItem\":{\"@type\":\"ListItem\",\"@id\":\"https:\\\/\\\/fisio-shop.pt\\\/?page_id=5#listItem\",\"name\":\"Loja\"}},{\"@type\":\"ListItem\",\"@id\":\"https:\\\/\\\/fisio-shop.pt\\\/?page_id=5#listItem\",\"position\":2,\"name\":\"Loja\",\"item\":\"https:\\\/\\\/fisio-shop.pt\\\/?page_id=5\",\"nextItem\":{\"@type\":\"ListItem\",\"@id\":\"https:\\\/\\\/fisio-shop.pt\\\/?product_cat=saude#listItem\",\"name\":\"Sa\\u00fade\"},\"previousItem\":{\"@type\":\"ListItem\",\"@id\":\"https:\\\/\\\/fisio-shop.pt#listItem\",\"name\":\"Home\"}},{\"@type\":\"ListItem\",\"@id\":\"https:\\\/\\\/fisio-shop.pt\\\/?product_cat=saude#listItem\",\"position\":3,\"name\":\"Sa\\u00fade\",\"item\":\"https:\\\/\\\/fisio-shop.pt\\\/?product_cat=saude\",\"nextItem\":{\"@type\":\"ListItem\",\"@id\":\"https:\\\/\\\/fisio-shop.pt\\\/?product_cat=equipamentos-para-medicina-fisica-e-reabilitacao#listItem\",\"name\":\"Equipamentos para medicina f\\u00edsica e reabilita\\u00e7\\u00e3o\"},\"previousItem\":{\"@type\":\"ListItem\",\"@id\":\"https:\\\/\\\/fisio-shop.pt\\\/?page_id=5#listItem\",\"name\":\"Loja\"}},{\"@type\":\"ListItem\",\"@id\":\"https:\\\/\\\/fisio-shop.pt\\\/?product_cat=equipamentos-para-medicina-fisica-e-reabilitacao#listItem\",\"position\":4,\"name\":\"Equipamentos para medicina f\\u00edsica e reabilita\\u00e7\\u00e3o\",\"item\":\"https:\\\/\\\/fisio-shop.pt\\\/?product_cat=equipamentos-para-medicina-fisica-e-reabilitacao\",\"nextItem\":{\"@type\":\"ListItem\",\"@id\":\"https:\\\/\\\/fisio-shop.pt\\\/?product_cat=cinesioterapia-medicina-fisica-e-de-reabilitacao#listItem\",\"name\":\"Cinesioterapia\"},\"previousItem\":{\"@type\":\"ListItem\",\"@id\":\"https:\\\/\\\/fisio-shop.pt\\\/?product_cat=saude#listItem\",\"name\":\"Sa\\u00fade\"}},{\"@type\":\"ListItem\",\"@id\":\"https:\\\/\\\/fisio-shop.pt\\\/?product_cat=cinesioterapia-medicina-fisica-e-de-reabilitacao#listItem\",\"position\":5,\"name\":\"Cinesioterapia\",\"item\":\"https:\\\/\\\/fisio-shop.pt\\\/?product_cat=cinesioterapia-medicina-fisica-e-de-reabilitacao\",\"nextItem\":{\"@type\":\"ListItem\",\"@id\":\"https:\\\/\\\/fisio-shop.pt\\\/?product_cat=mesas-de-verticalizacao-standing-frames-e-mesas-de-reabilitacao#listItem\",\"name\":\"Mesas de verticaliza\\u00e7\\u00e3o, standing frames e mesas de reabilita\\u00e7\\u00e3o\"},\"previousItem\":{\"@type\":\"ListItem\",\"@id\":\"https:\\\/\\\/fisio-shop.pt\\\/?product_cat=equipamentos-para-medicina-fisica-e-reabilitacao#listItem\",\"name\":\"Equipamentos para medicina f\\u00edsica e reabilita\\u00e7\\u00e3o\"}},{\"@type\":\"ListItem\",\"@id\":\"https:\\\/\\\/fisio-shop.pt\\\/?product_cat=mesas-de-verticalizacao-standing-frames-e-mesas-de-reabilitacao#listItem\",\"position\":6,\"name\":\"Mesas de verticaliza\\u00e7\\u00e3o, standing frames e mesas de reabilita\\u00e7\\u00e3o\",\"item\":\"https:\\\/\\\/fisio-shop.pt\\\/?product_cat=mesas-de-verticalizacao-standing-frames-e-mesas-de-reabilitacao\",\"nextItem\":{\"@type\":\"ListItem\",\"@id\":\"https:\\\/\\\/fisio-shop.pt\\\/?product=standing-frame-electrico-p-adulto#listItem\",\"name\":\"STANDING FRAME ELECTRICO P\\\/ADULTO PRO\"},\"previousItem\":{\"@type\":\"ListItem\",\"@id\":\"https:\\\/\\\/fisio-shop.pt\\\/?product_cat=cinesioterapia-medicina-fisica-e-de-reabilitacao#listItem\",\"name\":\"Cinesioterapia\"}},{\"@type\":\"ListItem\",\"@id\":\"https:\\\/\\\/fisio-shop.pt\\\/?product=standing-frame-electrico-p-adulto#listItem\",\"position\":7,\"name\":\"STANDING FRAME ELECTRICO P\\\/ADULTO PRO\",\"previousItem\":{\"@type\":\"ListItem\",\"@id\":\"https:\\\/\\\/fisio-shop.pt\\\/?product_cat=mesas-de-verticalizacao-standing-frames-e-mesas-de-reabilitacao#listItem\",\"name\":\"Mesas de verticaliza\\u00e7\\u00e3o, standing frames e mesas de reabilita\\u00e7\\u00e3o\"}}]},{\"@type\":\"Organization\",\"@id\":\"https:\\\/\\\/fisio-shop.pt\\\/#organization\",\"name\":\"Fisio-shop\",\"description\":\"Empresa especializada na distribui\\u00e7\\u00e3o de equipamentos profissionais para os mercados da Fisioterapia, Geriatria, Fitness e Medicina Desportiva. Empresa especializada na distribui\\u00e7\\u00e3o de equipamentos profissionais para os mercados da Fisioterapia, Geriatria, Fitness e Medicina Desportiva.\",\"url\":\"https:\\\/\\\/fisio-shop.pt\\\/\",\"logo\":{\"@type\":\"ImageObject\",\"url\":\"https:\\\/\\\/fisio-shop.pt\\\/wp-content\\\/uploads\\\/2026\\\/04\\\/android-chrome-192x192-1.png\",\"@id\":\"https:\\\/\\\/fisio-shop.pt\\\/?product=standing-frame-electrico-p-adulto\\\/#organizationLogo\"},\"image\":{\"@id\":\"https:\\\/\\\/fisio-shop.pt\\\/?product=standing-frame-electrico-p-adulto\\\/#organizationLogo\"},\"sameAs\":[\"https:\\\/\\\/www.facebook.com\\\/p\\\/Fisioshop-Comrcio-de-Equipamentos-Lda-100036934916130\\\/\"]},{\"@type\":\"Product\",\"@id\":\"https:\\\/\\\/fisio-shop.pt\\\/?product=standing-frame-electrico-p-adulto#wooCommerceProduct\",\"name\":\"STANDING FRAME ELECTRICO P\\\/ADULTO PRO\",\"description\":\"Standing Frame Electrico para Adulto Pro\",\"url\":\"https:\\\/\\\/fisio-shop.pt\\\/?product=standing-frame-electrico-p-adulto\",\"sku\":\"DIV0212\",\"image\":{\"@type\":\"ImageObject\",\"url\":\"https:\\\/\\\/fisio-shop.pt\\\/wp-content\\\/uploads\\\/2026\\\/02\\\/STANDING-FRAME-2.jpg\",\"@id\":\"https:\\\/\\\/fisio-shop.pt\\\/?product=standing-frame-electrico-p-adulto\\\/#productImage\",\"width\":455,\"height\":479},\"offers\":{\"@type\":\"Offer\",\"url\":\"https:\\\/\\\/fisio-shop.pt\\\/?product=standing-frame-electrico-p-adulto#wooCommerceOffer\",\"price\":0,\"priceCurrency\":\"EUR\",\"category\":\"Sa\\u00fade\",\"availability\":\"https:\\\/\\\/schema.org\\\/InStock\",\"seller\":{\"@type\":\"Organization\",\"@id\":\"https:\\\/\\\/fisio-shop.pt\\\/#organization\"}}},{\"@type\":\"WebPage\",\"@id\":\"https:\\\/\\\/fisio-shop.pt\\\/?product=standing-frame-electrico-p-adulto#webpage\",\"url\":\"https:\\\/\\\/fisio-shop.pt\\\/?product=standing-frame-electrico-p-adulto\",\"name\":\"STANDING FRAME ELECTRICO P\\\/ADULTO PRO - Fisio-shop\",\"description\":\"Standing Frame Electrico para Adulto Pro\",\"inLanguage\":\"pt-PT\",\"isPartOf\":{\"@id\":\"https:\\\/\\\/fisio-shop.pt\\\/#website\"},\"breadcrumb\":{\"@id\":\"https:\\\/\\\/fisio-shop.pt\\\/?product=standing-frame-electrico-p-adulto#breadcrumblist\"},\"image\":{\"@type\":\"ImageObject\",\"url\":\"https:\\\/\\\/fisio-shop.pt\\\/wp-content\\\/uploads\\\/2026\\\/02\\\/STANDING-FRAME-2.jpg\",\"@id\":\"https:\\\/\\\/fisio-shop.pt\\\/?product=standing-frame-electrico-p-adulto\\\/#mainImage\",\"width\":455,\"height\":479},\"primaryImageOfPage\":{\"@id\":\"https:\\\/\\\/fisio-shop.pt\\\/?product=standing-frame-electrico-p-adulto#mainImage\"},\"datePublished\":\"2025-04-24T14:21:58+00:00\",\"dateModified\":\"2026-05-15T17:15:13+00:00\"},{\"@type\":\"WebSite\",\"@id\":\"https:\\\/\\\/fisio-shop.pt\\\/#website\",\"url\":\"https:\\\/\\\/fisio-shop.pt\\\/\",\"name\":\"Fisio-shop\",\"description\":\"Empresa especializada na distribui\\u00e7\\u00e3o de equipamentos profissionais para os mercados da Fisioterapia, Geriatria, Fitness e Medicina Desportiva.\",\"inLanguage\":\"pt-PT\",\"publisher\":{\"@id\":\"https:\\\/\\\/fisio-shop.pt\\\/#organization\"}}]}\n\t\t<\/script>\n\t\t<!-- All in One SEO Pro -->\r\n\t\t<title>STANDING FRAME ELECTRICO P\/ADULTO PRO - Fisio-shop<\/title>\n\n","aioseo_head_json":{"title":"STANDING FRAME ELECTRICO P\/ADULTO PRO - Fisio-shop","description":"Standing Frame Electrico para Adulto Pro","canonical_url":"https:\/\/fisio-shop.pt\/?product=standing-frame-electrico-p-adulto","robots":"max-image-preview:large","keywords":"","webmasterTools":{"miscellaneous":""},"schema":{"@context":"https:\/\/schema.org","@graph":[{"@type":"BreadcrumbList","@id":"https:\/\/fisio-shop.pt\/?product=standing-frame-electrico-p-adulto#breadcrumblist","itemListElement":[{"@type":"ListItem","@id":"https:\/\/fisio-shop.pt#listItem","position":1,"name":"Home","item":"https:\/\/fisio-shop.pt","nextItem":{"@type":"ListItem","@id":"https:\/\/fisio-shop.pt\/?page_id=5#listItem","name":"Loja"}},{"@type":"ListItem","@id":"https:\/\/fisio-shop.pt\/?page_id=5#listItem","position":2,"name":"Loja","item":"https:\/\/fisio-shop.pt\/?page_id=5","nextItem":{"@type":"ListItem","@id":"https:\/\/fisio-shop.pt\/?product_cat=saude#listItem","name":"Sa\u00fade"},"previousItem":{"@type":"ListItem","@id":"https:\/\/fisio-shop.pt#listItem","name":"Home"}},{"@type":"ListItem","@id":"https:\/\/fisio-shop.pt\/?product_cat=saude#listItem","position":3,"name":"Sa\u00fade","item":"https:\/\/fisio-shop.pt\/?product_cat=saude","nextItem":{"@type":"ListItem","@id":"https:\/\/fisio-shop.pt\/?product_cat=equipamentos-para-medicina-fisica-e-reabilitacao#listItem","name":"Equipamentos para medicina f\u00edsica e reabilita\u00e7\u00e3o"},"previousItem":{"@type":"ListItem","@id":"https:\/\/fisio-shop.pt\/?page_id=5#listItem","name":"Loja"}},{"@type":"ListItem","@id":"https:\/\/fisio-shop.pt\/?product_cat=equipamentos-para-medicina-fisica-e-reabilitacao#listItem","position":4,"name":"Equipamentos para medicina f\u00edsica e reabilita\u00e7\u00e3o","item":"https:\/\/fisio-shop.pt\/?product_cat=equipamentos-para-medicina-fisica-e-reabilitacao","nextItem":{"@type":"ListItem","@id":"https:\/\/fisio-shop.pt\/?product_cat=cinesioterapia-medicina-fisica-e-de-reabilitacao#listItem","name":"Cinesioterapia"},"previousItem":{"@type":"ListItem","@id":"https:\/\/fisio-shop.pt\/?product_cat=saude#listItem","name":"Sa\u00fade"}},{"@type":"ListItem","@id":"https:\/\/fisio-shop.pt\/?product_cat=cinesioterapia-medicina-fisica-e-de-reabilitacao#listItem","position":5,"name":"Cinesioterapia","item":"https:\/\/fisio-shop.pt\/?product_cat=cinesioterapia-medicina-fisica-e-de-reabilitacao","nextItem":{"@type":"ListItem","@id":"https:\/\/fisio-shop.pt\/?product_cat=mesas-de-verticalizacao-standing-frames-e-mesas-de-reabilitacao#listItem","name":"Mesas de verticaliza\u00e7\u00e3o, standing frames e mesas de reabilita\u00e7\u00e3o"},"previousItem":{"@type":"ListItem","@id":"https:\/\/fisio-shop.pt\/?product_cat=equipamentos-para-medicina-fisica-e-reabilitacao#listItem","name":"Equipamentos para medicina f\u00edsica e reabilita\u00e7\u00e3o"}},{"@type":"ListItem","@id":"https:\/\/fisio-shop.pt\/?product_cat=mesas-de-verticalizacao-standing-frames-e-mesas-de-reabilitacao#listItem","position":6,"name":"Mesas de verticaliza\u00e7\u00e3o, standing frames e mesas de reabilita\u00e7\u00e3o","item":"https:\/\/fisio-shop.pt\/?product_cat=mesas-de-verticalizacao-standing-frames-e-mesas-de-reabilitacao","nextItem":{"@type":"ListItem","@id":"https:\/\/fisio-shop.pt\/?product=standing-frame-electrico-p-adulto#listItem","name":"STANDING FRAME ELECTRICO P\/ADULTO PRO"},"previousItem":{"@type":"ListItem","@id":"https:\/\/fisio-shop.pt\/?product_cat=cinesioterapia-medicina-fisica-e-de-reabilitacao#listItem","name":"Cinesioterapia"}},{"@type":"ListItem","@id":"https:\/\/fisio-shop.pt\/?product=standing-frame-electrico-p-adulto#listItem","position":7,"name":"STANDING FRAME ELECTRICO P\/ADULTO PRO","previousItem":{"@type":"ListItem","@id":"https:\/\/fisio-shop.pt\/?product_cat=mesas-de-verticalizacao-standing-frames-e-mesas-de-reabilitacao#listItem","name":"Mesas de verticaliza\u00e7\u00e3o, standing frames e mesas de reabilita\u00e7\u00e3o"}}]},{"@type":"Organization","@id":"https:\/\/fisio-shop.pt\/#organization","name":"Fisio-shop","description":"Empresa especializada na distribui\u00e7\u00e3o de equipamentos profissionais para os mercados da Fisioterapia, Geriatria, Fitness e Medicina Desportiva. Empresa especializada na distribui\u00e7\u00e3o de equipamentos profissionais para os mercados da Fisioterapia, Geriatria, Fitness e Medicina Desportiva.","url":"https:\/\/fisio-shop.pt\/","logo":{"@type":"ImageObject","url":"https:\/\/fisio-shop.pt\/wp-content\/uploads\/2026\/04\/android-chrome-192x192-1.png","@id":"https:\/\/fisio-shop.pt\/?product=standing-frame-electrico-p-adulto\/#organizationLogo"},"image":{"@id":"https:\/\/fisio-shop.pt\/?product=standing-frame-electrico-p-adulto\/#organizationLogo"},"sameAs":["https:\/\/www.facebook.com\/p\/Fisioshop-Comrcio-de-Equipamentos-Lda-100036934916130\/"]},{"@type":"Product","@id":"https:\/\/fisio-shop.pt\/?product=standing-frame-electrico-p-adulto#wooCommerceProduct","name":"STANDING FRAME ELECTRICO P\/ADULTO PRO","description":"Standing Frame Electrico para Adulto Pro","url":"https:\/\/fisio-shop.pt\/?product=standing-frame-electrico-p-adulto","sku":"DIV0212","image":{"@type":"ImageObject","url":"https:\/\/fisio-shop.pt\/wp-content\/uploads\/2026\/02\/STANDING-FRAME-2.jpg","@id":"https:\/\/fisio-shop.pt\/?product=standing-frame-electrico-p-adulto\/#productImage","width":455,"height":479},"offers":{"@type":"Offer","url":"https:\/\/fisio-shop.pt\/?product=standing-frame-electrico-p-adulto#wooCommerceOffer","price":0,"priceCurrency":"EUR","category":"Sa\u00fade","availability":"https:\/\/schema.org\/InStock","seller":{"@type":"Organization","@id":"https:\/\/fisio-shop.pt\/#organization"}}},{"@type":"WebPage","@id":"https:\/\/fisio-shop.pt\/?product=standing-frame-electrico-p-adulto#webpage","url":"https:\/\/fisio-shop.pt\/?product=standing-frame-electrico-p-adulto","name":"STANDING FRAME ELECTRICO P\/ADULTO PRO - Fisio-shop","description":"Standing Frame Electrico para Adulto Pro","inLanguage":"pt-PT","isPartOf":{"@id":"https:\/\/fisio-shop.pt\/#website"},"breadcrumb":{"@id":"https:\/\/fisio-shop.pt\/?product=standing-frame-electrico-p-adulto#breadcrumblist"},"image":{"@type":"ImageObject","url":"https:\/\/fisio-shop.pt\/wp-content\/uploads\/2026\/02\/STANDING-FRAME-2.jpg","@id":"https:\/\/fisio-shop.pt\/?product=standing-frame-electrico-p-adulto\/#mainImage","width":455,"height":479},"primaryImageOfPage":{"@id":"https:\/\/fisio-shop.pt\/?product=standing-frame-electrico-p-adulto#mainImage"},"datePublished":"2025-04-24T14:21:58+00:00","dateModified":"2026-05-15T17:15:13+00:00"},{"@type":"WebSite","@id":"https:\/\/fisio-shop.pt\/#website","url":"https:\/\/fisio-shop.pt\/","name":"Fisio-shop","description":"Empresa especializada na distribui\u00e7\u00e3o de equipamentos profissionais para os mercados da Fisioterapia, Geriatria, Fitness e Medicina Desportiva.","inLanguage":"pt-PT","publisher":{"@id":"https:\/\/fisio-shop.pt\/#organization"}}]},"og:locale":"pt_PT","og:site_name":"Fisio-shop - Empresa especializada na distribui\u00e7\u00e3o de equipamentos profissionais para os mercados da Fisioterapia, Geriatria, Fitness e Medicina Desportiva.","og:type":"article","og:title":"STANDING FRAME ELECTRICO P\/ADULTO PRO - Fisio-shop","og:description":"Standing Frame Electrico para Adulto Pro","og:url":"https:\/\/fisio-shop.pt\/?product=standing-frame-electrico-p-adulto","og:image":"https:\/\/fisio-shop.pt\/wp-content\/uploads\/2026\/04\/android-chrome-192x192-1.png","og:image:secure_url":"https:\/\/fisio-shop.pt\/wp-content\/uploads\/2026\/04\/android-chrome-192x192-1.png","article:published_time":"2025-04-24T14:21:58+00:00","article:modified_time":"2026-05-15T17:15:13+00:00","article:publisher":"https:\/\/www.facebook.com\/p\/Fisioshop-Comrcio-de-Equipamentos-Lda-100036934916130\/","twitter:card":"summary_large_image","twitter:title":"STANDING FRAME ELECTRICO P\/ADULTO PRO - Fisio-shop","twitter:description":"Standing Frame Electrico para Adulto Pro","twitter:image":"https:\/\/fisio-shop.pt\/wp-content\/uploads\/2026\/04\/android-chrome-192x192-1.png"},"aioseo_meta_data":{"post_id":"10360","title":null,"description":null,"keywords":null,"keyphrases":{"focus":{"keyphrase":"","score":0,"analysis":{"keyphraseInTitle":{"score":0,"maxScore":9,"error":1}}},"additional":[]},"primary_term":null,"canonical_url":null,"og_title":null,"og_description":null,"og_object_type":"default","og_image_type":"default","og_image_url":null,"og_image_width":null,"og_image_height":null,"og_image_custom_url":null,"og_image_custom_fields":null,"og_video":"","og_custom_url":null,"og_article_section":null,"og_article_tags":null,"twitter_use_og":false,"twitter_card":"default","twitter_image_type":"default","twitter_image_url":null,"twitter_image_custom_url":null,"twitter_image_custom_fields":null,"twitter_title":null,"twitter_description":null,"schema":{"blockGraphs":[],"customGraphs":[],"default":{"data":{"Article":[],"Course":[],"Dataset":[],"FAQPage":[],"Movie":[],"Person":[],"Product":[],"ProductReview":[],"Car":[],"Recipe":[],"Service":[],"SoftwareApplication":[],"WebPage":[]},"graphName":"Product","isEnabled":true},"graphs":[]},"schema_type":"default","schema_type_options":null,"pillar_content":false,"robots_default":true,"robots_noindex":false,"robots_noarchive":false,"robots_nosnippet":false,"robots_nofollow":false,"robots_noimageindex":false,"robots_noodp":false,"robots_notranslate":false,"robots_max_snippet":"-1","robots_max_videopreview":"-1","robots_max_imagepreview":"large","priority":null,"frequency":"default","local_seo":null,"seo_analyzer_scan_date":"2026-05-15 17:17:28","breadcrumb_settings":null,"limit_modified_date":false,"open_ai":null,"ai":{"faqs":[],"keyPoints":[],"titles":[],"descriptions":[],"socialPosts":{"email":[],"linkedin":[],"twitter":[],"facebook":[],"instagram":[]}},"created":"2026-04-18 07:02:19","updated":"2026-05-15 17:17:28"},"aioseo_breadcrumb":"<div class=\"aioseo-breadcrumbs\"><span class=\"aioseo-breadcrumb\">\n\t<a href=\"https:\/\/fisio-shop.pt\" title=\"Home\">Home<\/a>\n<\/span><span class=\"aioseo-breadcrumb-separator\">\u00bb<\/span><span class=\"aioseo-breadcrumb\">\n\t<a href=\"https:\/\/fisio-shop.pt\/?page_id=5\" title=\"Loja\">Loja<\/a>\n<\/span><span class=\"aioseo-breadcrumb-separator\">\u00bb<\/span><span class=\"aioseo-breadcrumb\">\n\t<a href=\"https:\/\/fisio-shop.pt\/?product_cat=saude\" title=\"Sa\u00fade\">Sa\u00fade<\/a>\n<\/span><span class=\"aioseo-breadcrumb-separator\">\u00bb<\/span><span class=\"aioseo-breadcrumb\">\n\t<a href=\"https:\/\/fisio-shop.pt\/?product_cat=equipamentos-para-medicina-fisica-e-reabilitacao\" title=\"Equipamentos para medicina f\u00edsica e reabilita\u00e7\u00e3o\">Equipamentos para medicina f\u00edsica e reabilita\u00e7\u00e3o<\/a>\n<\/span><span class=\"aioseo-breadcrumb-separator\">\u00bb<\/span><span class=\"aioseo-breadcrumb\">\n\t<a href=\"https:\/\/fisio-shop.pt\/?product_cat=cinesioterapia-medicina-fisica-e-de-reabilitacao\" title=\"Cinesioterapia\">Cinesioterapia<\/a>\n<\/span><span class=\"aioseo-breadcrumb-separator\">\u00bb<\/span><span class=\"aioseo-breadcrumb\">\n\t<a href=\"https:\/\/fisio-shop.pt\/?product_cat=mesas-de-verticalizacao-standing-frames-e-mesas-de-reabilitacao\" title=\"Mesas de verticaliza\u00e7\u00e3o, standing frames e mesas de reabilita\u00e7\u00e3o\">Mesas de verticaliza\u00e7\u00e3o, standing frames e mesas de reabilita\u00e7\u00e3o<\/a>\n<\/span><span class=\"aioseo-breadcrumb-separator\">\u00bb<\/span><span class=\"aioseo-breadcrumb\">\n\tSTANDING FRAME ELECTRICO P\/ADULTO PRO\n<\/span><\/div>","aioseo_breadcrumb_json":[{"label":"Home","link":"https:\/\/fisio-shop.pt"},{"label":"Loja","link":"https:\/\/fisio-shop.pt\/?page_id=5"},{"label":"Sa\u00fade","link":"https:\/\/fisio-shop.pt\/?product_cat=saude"},{"label":"Equipamentos para medicina f\u00edsica e reabilita\u00e7\u00e3o","link":"https:\/\/fisio-shop.pt\/?product_cat=equipamentos-para-medicina-fisica-e-reabilitacao"},{"label":"Cinesioterapia","link":"https:\/\/fisio-shop.pt\/?product_cat=cinesioterapia-medicina-fisica-e-de-reabilitacao"},{"label":"Mesas de verticaliza\u00e7\u00e3o, standing frames e mesas de reabilita\u00e7\u00e3o","link":"https:\/\/fisio-shop.pt\/?product_cat=mesas-de-verticalizacao-standing-frames-e-mesas-de-reabilitacao"},{"label":"STANDING FRAME ELECTRICO P\/ADULTO PRO","link":"https:\/\/fisio-shop.pt\/?product=standing-frame-electrico-p-adulto"}],"_links":{"self":[{"href":"https:\/\/fisio-shop.pt\/index.php?rest_route=\/wp\/v2\/product\/10360","targetHints":{"allow":["GET"]}}],"collection":[{"href":"https:\/\/fisio-shop.pt\/index.php?rest_route=\/wp\/v2\/product"}],"about":[{"href":"https:\/\/fisio-shop.pt\/index.php?rest_route=\/wp\/v2\/types\/product"}],"replies":[{"embeddable":true,"href":"https:\/\/fisio-shop.pt\/index.php?rest_route=%2Fwp%2Fv2%2Fcomments&post=10360"}],"version-history":[{"count":1,"href":"https:\/\/fisio-shop.pt\/index.php?rest_route=\/wp\/v2\/product\/10360\/revisions"}],"predecessor-version":[{"id":13109,"href":"https:\/\/fisio-shop.pt\/index.php?rest_route=\/wp\/v2\/product\/10360\/revisions\/13109"}],"wp:featuredmedia":[{"embeddable":true,"href":"https:\/\/fisio-shop.pt\/index.php?rest_route=\/wp\/v2\/media\/12604"}],"wp:attachment":[{"href":"https:\/\/fisio-shop.pt\/index.php?rest_route=%2Fwp%2Fv2%2Fmedia&parent=10360"}],"wp:term":[{"taxonomy":"product_brand","embeddable":true,"href":"https:\/\/fisio-shop.pt\/index.php?rest_route=%2Fwp%2Fv2%2Fproduct_brand&post=10360"},{"taxonomy":"product_cat","embeddable":true,"href":"https:\/\/fisio-shop.pt\/index.php?rest_route=%2Fwp%2Fv2%2Fproduct_cat&post=10360"},{"taxonomy":"product_tag","embeddable":true,"href":"https:\/\/fisio-shop.pt\/index.php?rest_route=%2Fwp%2Fv2%2Fproduct_tag&post=10360"}],"curies":[{"name":"wp","href":"https:\/\/api.w.org\/{rel}","templated":true}]}}