{"id":10404,"date":"2025-06-11T11:54:43","date_gmt":"2025-06-11T11:54:43","guid":{"rendered":"https:\/\/fisio-shop.pt\/loja\/sistema-crioterapia-e-compressao-ativa-cryo-pro-xl\/"},"modified":"2026-05-06T14:23:48","modified_gmt":"2026-05-06T14:23:48","slug":"sistema-crioterapia-e-compressao-ativa-cryo-pro-xl","status":"publish","type":"product","link":"https:\/\/fisio-shop.pt\/?product=sistema-crioterapia-e-compressao-ativa-cryo-pro-xl","title":{"rendered":"SISTEMA CRIOTERAPIA E COMPRESS\u00c3O ATIVA CRYO PRO XL"},"content":{"rendered":"<p>Cryo Pro XL \u00e9 um sistema de crioterapia e compress\u00e3o ativa, o qual permite reduzir os tempos de recupera\u00e7\u00e3o e aumentar o conforto.<\/p>\n<p><strong>\u00a0<\/strong><strong>Caracter\u00edsticas especificas:<\/strong><strong>\u00a0<\/strong><\/p>\n<ul>\n<li>Ferramenta potente para acelerar a recupera\u00e7\u00e3o intensiva de esfor\u00e7os musculares prolongados;<\/li>\n<li>Combina compress\u00e3o pneum\u00e1tica como crioterapia para atingir arrefecimento muscular instant\u00e2neo;<\/li>\n<li>Reduz o processo inflamat\u00f3rio (dor, edema, espasmos musculares) diminuindo o per\u00edodo de recupera\u00e7\u00e3o;<\/li>\n<li>Aumenta o conforto do atleta durante a recupera\u00e7\u00e3o;<\/li>\n<li>Sistema port\u00e1til e simples de utilizar.<\/li>\n<\/ul>\n<p><strong>Vantagens terap\u00eauticas:<\/strong><\/p>\n<ul>\n<li>Terapia segura e garantida;<\/li>\n<li>Penetra\u00e7\u00e3o r\u00e1pida de frio;<\/li>\n<li>Profundidade do efeito frio;<\/li>\n<li>Frio homog\u00e9neo na zona tratada;<\/li>\n<li>Dura\u00e7\u00e3o do efeito frio;<\/li>\n<li>Efeito compress\u00e3o intermitente.<strong>\u00a0<\/strong><\/li>\n<\/ul>\n<p><strong>Especifica\u00e7\u00f5es t\u00e9cnicas:<\/strong><strong>\u00a0<\/strong><\/p>\n<ul>\n<li>Temperatura: 0\u00ba-25\u00ba;<\/li>\n<li>Capacidade do reservat\u00f3rio: 6L;<\/li>\n<li>Configura\u00e7\u00f5es de compress\u00e3o: Baixo, M\u00e9dio, Alto;<\/li>\n<li>Modo de compress\u00e3o: Intermitente;<\/li>\n<li>Ciclos tempo: 20m \/ 40m \/ 60m;<\/li>\n<li>Display: Compress\u00e3o\/Tempo;<\/li>\n<li>Alimenta\u00e7\u00e3o: 100-240V.50\/60Hz;<\/li>\n<li>Voltagem: 12V, 2A.<\/li>\n<\/ul>\n<p><strong>Faixas dispon\u00edveis:<\/strong><\/p>\n<ul>\n<li>Ombro<\/li>\n<li>Joelho<\/li>\n<li>Tornozelo<\/li>\n<li>Costas e Anca<\/li>\n<li>Perna<\/li>\n<li>Universal<\/li>\n<\/ul>\n<p><strong>Acess\u00f3rios opcionais:<\/strong><\/p>\n<ul>\n<li>Tubo duplo (permite a utiliza\u00e7\u00e3o de duas faixas em simult\u00e2neo)<\/li>\n<li>Faixa extensora<\/li>\n<li>Mala de transporte<\/li>\n<\/ul>\n","protected":false},"excerpt":{"rendered":"<p>Sistema de crioterapia e compress\u00e3o ativa, o qual permite reduzir os tempos de recupera\u00e7\u00e3o e aumentar o conforto.<\/p>\n","protected":false},"featured_media":12656,"comment_status":"open","ping_status":"closed","template":"","meta":{"rs_blank_template":"","rs_page_bg_color":"","slide_template_v7":""},"product_brand":[],"product_cat":[1397,1401,1423,1425],"product_tag":[],"class_list":{"0":"post-10404","1":"product","2":"type-product","3":"status-publish","4":"has-post-thumbnail","6":"product_cat-saude","7":"product_cat-equipamentos-para-medicina-fisica-e-reabilitacao","8":"product_cat-masso-e-pressoterapia","9":"product_cat-pressoterapia","11":"first","12":"instock","13":"shipping-taxable","14":"purchasable","15":"product-type-simple"},"aioseo_notices":[],"etheme_brands":{"errors":{"invalid_taxonomy":["Taxonomia inv\u00e1lida."]},"error_data":[]},"aioseo_head":"\n\t\t<!-- All in One SEO Pro 4.9.0 - aioseo.com -->\n\t<meta name=\"description\" content=\"Sistema de crioterapia e compress\u00e3o ativa, o qual permite reduzir os tempos de recupera\u00e7\u00e3o e aumentar o conforto.\" \/>\n\t<meta name=\"robots\" content=\"max-image-preview:large\" \/>\n\t<link rel=\"canonical\" href=\"https:\/\/fisio-shop.pt\/?product=sistema-crioterapia-e-compressao-ativa-cryo-pro-xl\" \/>\n\t<meta name=\"generator\" content=\"All in One SEO Pro (AIOSEO) 4.9.0\" \/>\n\t\t<meta property=\"og:locale\" content=\"pt_PT\" \/>\n\t\t<meta property=\"og:site_name\" content=\"Fisio-shop - Empresa especializada na distribui\u00e7\u00e3o de equipamentos profissionais para os mercados da Fisioterapia, Geriatria, Fitness e Medicina Desportiva.\" \/>\n\t\t<meta property=\"og:type\" content=\"article\" \/>\n\t\t<meta property=\"og:title\" content=\"SISTEMA CRIOTERAPIA E COMPRESS\u00c3O ATIVA CRYO PRO XL - Fisio-shop\" \/>\n\t\t<meta property=\"og:description\" content=\"Sistema de crioterapia e compress\u00e3o ativa, o qual permite reduzir os tempos de recupera\u00e7\u00e3o e aumentar o conforto.\" \/>\n\t\t<meta property=\"og:url\" content=\"https:\/\/fisio-shop.pt\/?product=sistema-crioterapia-e-compressao-ativa-cryo-pro-xl\" \/>\n\t\t<meta property=\"og:image\" content=\"https:\/\/fisio-shop.pt\/wp-content\/uploads\/2026\/04\/android-chrome-192x192-1.png\" \/>\n\t\t<meta property=\"og:image:secure_url\" content=\"https:\/\/fisio-shop.pt\/wp-content\/uploads\/2026\/04\/android-chrome-192x192-1.png\" \/>\n\t\t<meta property=\"article:published_time\" content=\"2025-06-11T11:54:43+00:00\" \/>\n\t\t<meta property=\"article:modified_time\" content=\"2026-05-06T14:23:48+00:00\" \/>\n\t\t<meta property=\"article:publisher\" content=\"https:\/\/www.facebook.com\/p\/Fisioshop-Comrcio-de-Equipamentos-Lda-100036934916130\/\" \/>\n\t\t<meta name=\"twitter:card\" content=\"summary_large_image\" \/>\n\t\t<meta name=\"twitter:title\" content=\"SISTEMA CRIOTERAPIA E COMPRESS\u00c3O ATIVA CRYO PRO XL - Fisio-shop\" \/>\n\t\t<meta name=\"twitter:description\" content=\"Sistema de crioterapia e compress\u00e3o ativa, o qual permite reduzir os tempos de recupera\u00e7\u00e3o e aumentar o conforto.\" \/>\n\t\t<meta name=\"twitter:image\" content=\"https:\/\/fisio-shop.pt\/wp-content\/uploads\/2026\/04\/android-chrome-192x192-1.png\" \/>\n\t\t<script type=\"application\/ld+json\" class=\"aioseo-schema\">\n\t\t\t{\"@context\":\"https:\\\/\\\/schema.org\",\"@graph\":[{\"@type\":\"BreadcrumbList\",\"@id\":\"https:\\\/\\\/fisio-shop.pt\\\/?product=sistema-crioterapia-e-compressao-ativa-cryo-pro-xl#breadcrumblist\",\"itemListElement\":[{\"@type\":\"ListItem\",\"@id\":\"https:\\\/\\\/fisio-shop.pt#listItem\",\"position\":1,\"name\":\"Home\",\"item\":\"https:\\\/\\\/fisio-shop.pt\",\"nextItem\":{\"@type\":\"ListItem\",\"@id\":\"https:\\\/\\\/fisio-shop.pt\\\/?page_id=5#listItem\",\"name\":\"Loja\"}},{\"@type\":\"ListItem\",\"@id\":\"https:\\\/\\\/fisio-shop.pt\\\/?page_id=5#listItem\",\"position\":2,\"name\":\"Loja\",\"item\":\"https:\\\/\\\/fisio-shop.pt\\\/?page_id=5\",\"nextItem\":{\"@type\":\"ListItem\",\"@id\":\"https:\\\/\\\/fisio-shop.pt\\\/?product_cat=saude#listItem\",\"name\":\"Sa\\u00fade\"},\"previousItem\":{\"@type\":\"ListItem\",\"@id\":\"https:\\\/\\\/fisio-shop.pt#listItem\",\"name\":\"Home\"}},{\"@type\":\"ListItem\",\"@id\":\"https:\\\/\\\/fisio-shop.pt\\\/?product_cat=saude#listItem\",\"position\":3,\"name\":\"Sa\\u00fade\",\"item\":\"https:\\\/\\\/fisio-shop.pt\\\/?product_cat=saude\",\"nextItem\":{\"@type\":\"ListItem\",\"@id\":\"https:\\\/\\\/fisio-shop.pt\\\/?product_cat=equipamentos-para-medicina-fisica-e-reabilitacao#listItem\",\"name\":\"Equipamentos para medicina f\\u00edsica e reabilita\\u00e7\\u00e3o\"},\"previousItem\":{\"@type\":\"ListItem\",\"@id\":\"https:\\\/\\\/fisio-shop.pt\\\/?page_id=5#listItem\",\"name\":\"Loja\"}},{\"@type\":\"ListItem\",\"@id\":\"https:\\\/\\\/fisio-shop.pt\\\/?product_cat=equipamentos-para-medicina-fisica-e-reabilitacao#listItem\",\"position\":4,\"name\":\"Equipamentos para medicina f\\u00edsica e reabilita\\u00e7\\u00e3o\",\"item\":\"https:\\\/\\\/fisio-shop.pt\\\/?product_cat=equipamentos-para-medicina-fisica-e-reabilitacao\",\"nextItem\":{\"@type\":\"ListItem\",\"@id\":\"https:\\\/\\\/fisio-shop.pt\\\/?product_cat=masso-e-pressoterapia#listItem\",\"name\":\"Masso e pressoterapia\"},\"previousItem\":{\"@type\":\"ListItem\",\"@id\":\"https:\\\/\\\/fisio-shop.pt\\\/?product_cat=saude#listItem\",\"name\":\"Sa\\u00fade\"}},{\"@type\":\"ListItem\",\"@id\":\"https:\\\/\\\/fisio-shop.pt\\\/?product_cat=masso-e-pressoterapia#listItem\",\"position\":5,\"name\":\"Masso e pressoterapia\",\"item\":\"https:\\\/\\\/fisio-shop.pt\\\/?product_cat=masso-e-pressoterapia\",\"nextItem\":{\"@type\":\"ListItem\",\"@id\":\"https:\\\/\\\/fisio-shop.pt\\\/?product_cat=pressoterapia#listItem\",\"name\":\"Pressoterapia\"},\"previousItem\":{\"@type\":\"ListItem\",\"@id\":\"https:\\\/\\\/fisio-shop.pt\\\/?product_cat=equipamentos-para-medicina-fisica-e-reabilitacao#listItem\",\"name\":\"Equipamentos para medicina f\\u00edsica e reabilita\\u00e7\\u00e3o\"}},{\"@type\":\"ListItem\",\"@id\":\"https:\\\/\\\/fisio-shop.pt\\\/?product_cat=pressoterapia#listItem\",\"position\":6,\"name\":\"Pressoterapia\",\"item\":\"https:\\\/\\\/fisio-shop.pt\\\/?product_cat=pressoterapia\",\"nextItem\":{\"@type\":\"ListItem\",\"@id\":\"https:\\\/\\\/fisio-shop.pt\\\/?product=sistema-crioterapia-e-compressao-ativa-cryo-pro-xl#listItem\",\"name\":\"SISTEMA CRIOTERAPIA E COMPRESS\\u00c3O ATIVA CRYO PRO XL\"},\"previousItem\":{\"@type\":\"ListItem\",\"@id\":\"https:\\\/\\\/fisio-shop.pt\\\/?product_cat=masso-e-pressoterapia#listItem\",\"name\":\"Masso e pressoterapia\"}},{\"@type\":\"ListItem\",\"@id\":\"https:\\\/\\\/fisio-shop.pt\\\/?product=sistema-crioterapia-e-compressao-ativa-cryo-pro-xl#listItem\",\"position\":7,\"name\":\"SISTEMA CRIOTERAPIA E COMPRESS\\u00c3O ATIVA CRYO PRO XL\",\"previousItem\":{\"@type\":\"ListItem\",\"@id\":\"https:\\\/\\\/fisio-shop.pt\\\/?product_cat=pressoterapia#listItem\",\"name\":\"Pressoterapia\"}}]},{\"@type\":\"Organization\",\"@id\":\"https:\\\/\\\/fisio-shop.pt\\\/#organization\",\"name\":\"Fisio-shop\",\"description\":\"Empresa especializada na distribui\\u00e7\\u00e3o de equipamentos profissionais para os mercados da Fisioterapia, Geriatria, Fitness e Medicina Desportiva. Empresa especializada na distribui\\u00e7\\u00e3o de equipamentos profissionais para os mercados da Fisioterapia, Geriatria, Fitness e Medicina Desportiva.\",\"url\":\"https:\\\/\\\/fisio-shop.pt\\\/\",\"logo\":{\"@type\":\"ImageObject\",\"url\":\"https:\\\/\\\/fisio-shop.pt\\\/wp-content\\\/uploads\\\/2026\\\/04\\\/android-chrome-192x192-1.png\",\"@id\":\"https:\\\/\\\/fisio-shop.pt\\\/?product=sistema-crioterapia-e-compressao-ativa-cryo-pro-xl\\\/#organizationLogo\"},\"image\":{\"@id\":\"https:\\\/\\\/fisio-shop.pt\\\/?product=sistema-crioterapia-e-compressao-ativa-cryo-pro-xl\\\/#organizationLogo\"},\"sameAs\":[\"https:\\\/\\\/www.facebook.com\\\/p\\\/Fisioshop-Comrcio-de-Equipamentos-Lda-100036934916130\\\/\"]},{\"@type\":\"Product\",\"@id\":\"https:\\\/\\\/fisio-shop.pt\\\/?product=sistema-crioterapia-e-compressao-ativa-cryo-pro-xl#wooCommerceProduct\",\"name\":\"SISTEMA CRIOTERAPIA E COMPRESS\\u00c3O ATIVA CRYO PRO XL\",\"description\":\"Sistema de crioterapia e compress\\u00e3o ativa, o qual permite reduzir os tempos de recupera\\u00e7\\u00e3o e aumentar o conforto.\",\"url\":\"https:\\\/\\\/fisio-shop.pt\\\/?product=sistema-crioterapia-e-compressao-ativa-cryo-pro-xl\",\"sku\":\"DIV0532\",\"image\":{\"@type\":\"ImageObject\",\"url\":\"https:\\\/\\\/fisio-shop.pt\\\/wp-content\\\/uploads\\\/2026\\\/02\\\/CRYO-PRO-XL-1.jpg\",\"@id\":\"https:\\\/\\\/fisio-shop.pt\\\/?product=sistema-crioterapia-e-compressao-ativa-cryo-pro-xl\\\/#productImage\",\"width\":800,\"height\":800},\"offers\":{\"@type\":\"Offer\",\"url\":\"https:\\\/\\\/fisio-shop.pt\\\/?product=sistema-crioterapia-e-compressao-ativa-cryo-pro-xl#wooCommerceOffer\",\"price\":1211.1,\"priceCurrency\":\"EUR\",\"category\":\"Sa\\u00fade\",\"availability\":\"https:\\\/\\\/schema.org\\\/InStock\",\"priceSpecification\":{\"@type\":\"PriceSpecification\",\"price\":1211.1,\"priceCurrency\":\"EUR\",\"valueAddedTaxIncluded\":\"true\"},\"seller\":{\"@type\":\"Organization\",\"@id\":\"https:\\\/\\\/fisio-shop.pt\\\/#organization\"}}},{\"@type\":\"WebPage\",\"@id\":\"https:\\\/\\\/fisio-shop.pt\\\/?product=sistema-crioterapia-e-compressao-ativa-cryo-pro-xl#webpage\",\"url\":\"https:\\\/\\\/fisio-shop.pt\\\/?product=sistema-crioterapia-e-compressao-ativa-cryo-pro-xl\",\"name\":\"SISTEMA CRIOTERAPIA E COMPRESS\\u00c3O ATIVA CRYO PRO XL - Fisio-shop\",\"description\":\"Sistema de crioterapia e compress\\u00e3o ativa, o qual permite reduzir os tempos de recupera\\u00e7\\u00e3o e aumentar o conforto.\",\"inLanguage\":\"pt-PT\",\"isPartOf\":{\"@id\":\"https:\\\/\\\/fisio-shop.pt\\\/#website\"},\"breadcrumb\":{\"@id\":\"https:\\\/\\\/fisio-shop.pt\\\/?product=sistema-crioterapia-e-compressao-ativa-cryo-pro-xl#breadcrumblist\"},\"image\":{\"@type\":\"ImageObject\",\"url\":\"https:\\\/\\\/fisio-shop.pt\\\/wp-content\\\/uploads\\\/2026\\\/02\\\/CRYO-PRO-XL-1.jpg\",\"@id\":\"https:\\\/\\\/fisio-shop.pt\\\/?product=sistema-crioterapia-e-compressao-ativa-cryo-pro-xl\\\/#mainImage\",\"width\":800,\"height\":800},\"primaryImageOfPage\":{\"@id\":\"https:\\\/\\\/fisio-shop.pt\\\/?product=sistema-crioterapia-e-compressao-ativa-cryo-pro-xl#mainImage\"},\"datePublished\":\"2025-06-11T11:54:43+00:00\",\"dateModified\":\"2026-05-06T14:23:48+00:00\"},{\"@type\":\"WebSite\",\"@id\":\"https:\\\/\\\/fisio-shop.pt\\\/#website\",\"url\":\"https:\\\/\\\/fisio-shop.pt\\\/\",\"name\":\"Fisio-shop\",\"description\":\"Empresa especializada na distribui\\u00e7\\u00e3o de equipamentos profissionais para os mercados da Fisioterapia, Geriatria, Fitness e Medicina Desportiva.\",\"inLanguage\":\"pt-PT\",\"publisher\":{\"@id\":\"https:\\\/\\\/fisio-shop.pt\\\/#organization\"}}]}\n\t\t<\/script>\n\t\t<!-- All in One SEO Pro -->\r\n\t\t<title>SISTEMA CRIOTERAPIA E COMPRESS\u00c3O ATIVA CRYO PRO XL - Fisio-shop<\/title>\n\n","aioseo_head_json":{"title":"SISTEMA CRIOTERAPIA E COMPRESS\u00c3O ATIVA CRYO PRO XL - Fisio-shop","description":"Sistema de crioterapia e compress\u00e3o ativa, o qual permite reduzir os tempos de recupera\u00e7\u00e3o e aumentar o conforto.","canonical_url":"https:\/\/fisio-shop.pt\/?product=sistema-crioterapia-e-compressao-ativa-cryo-pro-xl","robots":"max-image-preview:large","keywords":"","webmasterTools":{"miscellaneous":""},"schema":{"@context":"https:\/\/schema.org","@graph":[{"@type":"BreadcrumbList","@id":"https:\/\/fisio-shop.pt\/?product=sistema-crioterapia-e-compressao-ativa-cryo-pro-xl#breadcrumblist","itemListElement":[{"@type":"ListItem","@id":"https:\/\/fisio-shop.pt#listItem","position":1,"name":"Home","item":"https:\/\/fisio-shop.pt","nextItem":{"@type":"ListItem","@id":"https:\/\/fisio-shop.pt\/?page_id=5#listItem","name":"Loja"}},{"@type":"ListItem","@id":"https:\/\/fisio-shop.pt\/?page_id=5#listItem","position":2,"name":"Loja","item":"https:\/\/fisio-shop.pt\/?page_id=5","nextItem":{"@type":"ListItem","@id":"https:\/\/fisio-shop.pt\/?product_cat=saude#listItem","name":"Sa\u00fade"},"previousItem":{"@type":"ListItem","@id":"https:\/\/fisio-shop.pt#listItem","name":"Home"}},{"@type":"ListItem","@id":"https:\/\/fisio-shop.pt\/?product_cat=saude#listItem","position":3,"name":"Sa\u00fade","item":"https:\/\/fisio-shop.pt\/?product_cat=saude","nextItem":{"@type":"ListItem","@id":"https:\/\/fisio-shop.pt\/?product_cat=equipamentos-para-medicina-fisica-e-reabilitacao#listItem","name":"Equipamentos para medicina f\u00edsica e reabilita\u00e7\u00e3o"},"previousItem":{"@type":"ListItem","@id":"https:\/\/fisio-shop.pt\/?page_id=5#listItem","name":"Loja"}},{"@type":"ListItem","@id":"https:\/\/fisio-shop.pt\/?product_cat=equipamentos-para-medicina-fisica-e-reabilitacao#listItem","position":4,"name":"Equipamentos para medicina f\u00edsica e reabilita\u00e7\u00e3o","item":"https:\/\/fisio-shop.pt\/?product_cat=equipamentos-para-medicina-fisica-e-reabilitacao","nextItem":{"@type":"ListItem","@id":"https:\/\/fisio-shop.pt\/?product_cat=masso-e-pressoterapia#listItem","name":"Masso e pressoterapia"},"previousItem":{"@type":"ListItem","@id":"https:\/\/fisio-shop.pt\/?product_cat=saude#listItem","name":"Sa\u00fade"}},{"@type":"ListItem","@id":"https:\/\/fisio-shop.pt\/?product_cat=masso-e-pressoterapia#listItem","position":5,"name":"Masso e pressoterapia","item":"https:\/\/fisio-shop.pt\/?product_cat=masso-e-pressoterapia","nextItem":{"@type":"ListItem","@id":"https:\/\/fisio-shop.pt\/?product_cat=pressoterapia#listItem","name":"Pressoterapia"},"previousItem":{"@type":"ListItem","@id":"https:\/\/fisio-shop.pt\/?product_cat=equipamentos-para-medicina-fisica-e-reabilitacao#listItem","name":"Equipamentos para medicina f\u00edsica e reabilita\u00e7\u00e3o"}},{"@type":"ListItem","@id":"https:\/\/fisio-shop.pt\/?product_cat=pressoterapia#listItem","position":6,"name":"Pressoterapia","item":"https:\/\/fisio-shop.pt\/?product_cat=pressoterapia","nextItem":{"@type":"ListItem","@id":"https:\/\/fisio-shop.pt\/?product=sistema-crioterapia-e-compressao-ativa-cryo-pro-xl#listItem","name":"SISTEMA CRIOTERAPIA E COMPRESS\u00c3O ATIVA CRYO PRO XL"},"previousItem":{"@type":"ListItem","@id":"https:\/\/fisio-shop.pt\/?product_cat=masso-e-pressoterapia#listItem","name":"Masso e pressoterapia"}},{"@type":"ListItem","@id":"https:\/\/fisio-shop.pt\/?product=sistema-crioterapia-e-compressao-ativa-cryo-pro-xl#listItem","position":7,"name":"SISTEMA CRIOTERAPIA E COMPRESS\u00c3O ATIVA CRYO PRO XL","previousItem":{"@type":"ListItem","@id":"https:\/\/fisio-shop.pt\/?product_cat=pressoterapia#listItem","name":"Pressoterapia"}}]},{"@type":"Organization","@id":"https:\/\/fisio-shop.pt\/#organization","name":"Fisio-shop","description":"Empresa especializada na distribui\u00e7\u00e3o de equipamentos profissionais para os mercados da Fisioterapia, Geriatria, Fitness e Medicina Desportiva. Empresa especializada na distribui\u00e7\u00e3o de equipamentos profissionais para os mercados da Fisioterapia, Geriatria, Fitness e Medicina Desportiva.","url":"https:\/\/fisio-shop.pt\/","logo":{"@type":"ImageObject","url":"https:\/\/fisio-shop.pt\/wp-content\/uploads\/2026\/04\/android-chrome-192x192-1.png","@id":"https:\/\/fisio-shop.pt\/?product=sistema-crioterapia-e-compressao-ativa-cryo-pro-xl\/#organizationLogo"},"image":{"@id":"https:\/\/fisio-shop.pt\/?product=sistema-crioterapia-e-compressao-ativa-cryo-pro-xl\/#organizationLogo"},"sameAs":["https:\/\/www.facebook.com\/p\/Fisioshop-Comrcio-de-Equipamentos-Lda-100036934916130\/"]},{"@type":"Product","@id":"https:\/\/fisio-shop.pt\/?product=sistema-crioterapia-e-compressao-ativa-cryo-pro-xl#wooCommerceProduct","name":"SISTEMA CRIOTERAPIA E COMPRESS\u00c3O ATIVA CRYO PRO XL","description":"Sistema de crioterapia e compress\u00e3o ativa, o qual permite reduzir os tempos de recupera\u00e7\u00e3o e aumentar o conforto.","url":"https:\/\/fisio-shop.pt\/?product=sistema-crioterapia-e-compressao-ativa-cryo-pro-xl","sku":"DIV0532","image":{"@type":"ImageObject","url":"https:\/\/fisio-shop.pt\/wp-content\/uploads\/2026\/02\/CRYO-PRO-XL-1.jpg","@id":"https:\/\/fisio-shop.pt\/?product=sistema-crioterapia-e-compressao-ativa-cryo-pro-xl\/#productImage","width":800,"height":800},"offers":{"@type":"Offer","url":"https:\/\/fisio-shop.pt\/?product=sistema-crioterapia-e-compressao-ativa-cryo-pro-xl#wooCommerceOffer","price":1211.1,"priceCurrency":"EUR","category":"Sa\u00fade","availability":"https:\/\/schema.org\/InStock","priceSpecification":{"@type":"PriceSpecification","price":1211.1,"priceCurrency":"EUR","valueAddedTaxIncluded":"true"},"seller":{"@type":"Organization","@id":"https:\/\/fisio-shop.pt\/#organization"}}},{"@type":"WebPage","@id":"https:\/\/fisio-shop.pt\/?product=sistema-crioterapia-e-compressao-ativa-cryo-pro-xl#webpage","url":"https:\/\/fisio-shop.pt\/?product=sistema-crioterapia-e-compressao-ativa-cryo-pro-xl","name":"SISTEMA CRIOTERAPIA E COMPRESS\u00c3O ATIVA CRYO PRO XL - Fisio-shop","description":"Sistema de crioterapia e compress\u00e3o ativa, o qual permite reduzir os tempos de recupera\u00e7\u00e3o e aumentar o conforto.","inLanguage":"pt-PT","isPartOf":{"@id":"https:\/\/fisio-shop.pt\/#website"},"breadcrumb":{"@id":"https:\/\/fisio-shop.pt\/?product=sistema-crioterapia-e-compressao-ativa-cryo-pro-xl#breadcrumblist"},"image":{"@type":"ImageObject","url":"https:\/\/fisio-shop.pt\/wp-content\/uploads\/2026\/02\/CRYO-PRO-XL-1.jpg","@id":"https:\/\/fisio-shop.pt\/?product=sistema-crioterapia-e-compressao-ativa-cryo-pro-xl\/#mainImage","width":800,"height":800},"primaryImageOfPage":{"@id":"https:\/\/fisio-shop.pt\/?product=sistema-crioterapia-e-compressao-ativa-cryo-pro-xl#mainImage"},"datePublished":"2025-06-11T11:54:43+00:00","dateModified":"2026-05-06T14:23:48+00:00"},{"@type":"WebSite","@id":"https:\/\/fisio-shop.pt\/#website","url":"https:\/\/fisio-shop.pt\/","name":"Fisio-shop","description":"Empresa especializada na distribui\u00e7\u00e3o de equipamentos profissionais para os mercados da Fisioterapia, Geriatria, Fitness e Medicina Desportiva.","inLanguage":"pt-PT","publisher":{"@id":"https:\/\/fisio-shop.pt\/#organization"}}]},"og:locale":"pt_PT","og:site_name":"Fisio-shop - Empresa especializada na distribui\u00e7\u00e3o de equipamentos profissionais para os mercados da Fisioterapia, Geriatria, Fitness e Medicina Desportiva.","og:type":"article","og:title":"SISTEMA CRIOTERAPIA E COMPRESS\u00c3O ATIVA CRYO PRO XL - Fisio-shop","og:description":"Sistema de crioterapia e compress\u00e3o ativa, o qual permite reduzir os tempos de recupera\u00e7\u00e3o e aumentar o conforto.","og:url":"https:\/\/fisio-shop.pt\/?product=sistema-crioterapia-e-compressao-ativa-cryo-pro-xl","og:image":"https:\/\/fisio-shop.pt\/wp-content\/uploads\/2026\/04\/android-chrome-192x192-1.png","og:image:secure_url":"https:\/\/fisio-shop.pt\/wp-content\/uploads\/2026\/04\/android-chrome-192x192-1.png","article:published_time":"2025-06-11T11:54:43+00:00","article:modified_time":"2026-05-06T14:23:48+00:00","article:publisher":"https:\/\/www.facebook.com\/p\/Fisioshop-Comrcio-de-Equipamentos-Lda-100036934916130\/","twitter:card":"summary_large_image","twitter:title":"SISTEMA CRIOTERAPIA E COMPRESS\u00c3O ATIVA CRYO PRO XL - Fisio-shop","twitter:description":"Sistema de crioterapia e compress\u00e3o ativa, o qual permite reduzir os tempos de recupera\u00e7\u00e3o e aumentar o conforto.","twitter:image":"https:\/\/fisio-shop.pt\/wp-content\/uploads\/2026\/04\/android-chrome-192x192-1.png"},"aioseo_meta_data":{"post_id":"10404","title":null,"description":null,"keywords":null,"keyphrases":null,"primary_term":null,"canonical_url":null,"og_title":null,"og_description":null,"og_object_type":"default","og_image_type":"default","og_image_url":null,"og_image_width":null,"og_image_height":null,"og_image_custom_url":null,"og_image_custom_fields":null,"og_video":null,"og_custom_url":null,"og_article_section":null,"og_article_tags":null,"twitter_use_og":false,"twitter_card":"default","twitter_image_type":"default","twitter_image_url":null,"twitter_image_custom_url":null,"twitter_image_custom_fields":null,"twitter_title":null,"twitter_description":null,"schema":{"blockGraphs":[],"customGraphs":[],"default":{"data":{"Article":[],"Course":[],"Dataset":[],"FAQPage":[],"Movie":[],"Person":[],"Product":[],"ProductReview":[],"Car":[],"Recipe":[],"Service":[],"SoftwareApplication":[],"WebPage":[]},"graphName":"","isEnabled":true},"graphs":[]},"schema_type":"default","schema_type_options":null,"pillar_content":false,"robots_default":true,"robots_noindex":false,"robots_noarchive":false,"robots_nosnippet":false,"robots_nofollow":false,"robots_noimageindex":false,"robots_noodp":false,"robots_notranslate":false,"robots_max_snippet":null,"robots_max_videopreview":null,"robots_max_imagepreview":"large","priority":null,"frequency":null,"local_seo":null,"seo_analyzer_scan_date":"2026-04-18 08:23:31","breadcrumb_settings":null,"limit_modified_date":false,"open_ai":null,"ai":null,"created":"2026-04-18 07:02:19","updated":"2026-05-06 14:34:09"},"aioseo_breadcrumb":"<div class=\"aioseo-breadcrumbs\"><span class=\"aioseo-breadcrumb\">\n\t<a href=\"https:\/\/fisio-shop.pt\" title=\"Home\">Home<\/a>\n<\/span><span class=\"aioseo-breadcrumb-separator\">\u00bb<\/span><span class=\"aioseo-breadcrumb\">\n\t<a href=\"https:\/\/fisio-shop.pt\/?page_id=5\" title=\"Loja\">Loja<\/a>\n<\/span><span class=\"aioseo-breadcrumb-separator\">\u00bb<\/span><span class=\"aioseo-breadcrumb\">\n\t<a href=\"https:\/\/fisio-shop.pt\/?product_cat=saude\" title=\"Sa\u00fade\">Sa\u00fade<\/a>\n<\/span><span class=\"aioseo-breadcrumb-separator\">\u00bb<\/span><span class=\"aioseo-breadcrumb\">\n\t<a href=\"https:\/\/fisio-shop.pt\/?product_cat=equipamentos-para-medicina-fisica-e-reabilitacao\" title=\"Equipamentos para medicina f\u00edsica e reabilita\u00e7\u00e3o\">Equipamentos para medicina f\u00edsica e reabilita\u00e7\u00e3o<\/a>\n<\/span><span class=\"aioseo-breadcrumb-separator\">\u00bb<\/span><span class=\"aioseo-breadcrumb\">\n\t<a href=\"https:\/\/fisio-shop.pt\/?product_cat=masso-e-pressoterapia\" title=\"Masso e pressoterapia\">Masso e pressoterapia<\/a>\n<\/span><span class=\"aioseo-breadcrumb-separator\">\u00bb<\/span><span class=\"aioseo-breadcrumb\">\n\t<a href=\"https:\/\/fisio-shop.pt\/?product_cat=pressoterapia\" title=\"Pressoterapia\">Pressoterapia<\/a>\n<\/span><span class=\"aioseo-breadcrumb-separator\">\u00bb<\/span><span class=\"aioseo-breadcrumb\">\n\tSISTEMA CRIOTERAPIA E COMPRESS\u00c3O ATIVA CRYO PRO XL\n<\/span><\/div>","aioseo_breadcrumb_json":[{"label":"Home","link":"https:\/\/fisio-shop.pt"},{"label":"Loja","link":"https:\/\/fisio-shop.pt\/?page_id=5"},{"label":"Sa\u00fade","link":"https:\/\/fisio-shop.pt\/?product_cat=saude"},{"label":"Equipamentos para medicina f\u00edsica e reabilita\u00e7\u00e3o","link":"https:\/\/fisio-shop.pt\/?product_cat=equipamentos-para-medicina-fisica-e-reabilitacao"},{"label":"Masso e pressoterapia","link":"https:\/\/fisio-shop.pt\/?product_cat=masso-e-pressoterapia"},{"label":"Pressoterapia","link":"https:\/\/fisio-shop.pt\/?product_cat=pressoterapia"},{"label":"SISTEMA CRIOTERAPIA E COMPRESS\u00c3O ATIVA CRYO PRO XL","link":"https:\/\/fisio-shop.pt\/?product=sistema-crioterapia-e-compressao-ativa-cryo-pro-xl"}],"_links":{"self":[{"href":"https:\/\/fisio-shop.pt\/index.php?rest_route=\/wp\/v2\/product\/10404","targetHints":{"allow":["GET"]}}],"collection":[{"href":"https:\/\/fisio-shop.pt\/index.php?rest_route=\/wp\/v2\/product"}],"about":[{"href":"https:\/\/fisio-shop.pt\/index.php?rest_route=\/wp\/v2\/types\/product"}],"replies":[{"embeddable":true,"href":"https:\/\/fisio-shop.pt\/index.php?rest_route=%2Fwp%2Fv2%2Fcomments&post=10404"}],"version-history":[{"count":0,"href":"https:\/\/fisio-shop.pt\/index.php?rest_route=\/wp\/v2\/product\/10404\/revisions"}],"wp:featuredmedia":[{"embeddable":true,"href":"https:\/\/fisio-shop.pt\/index.php?rest_route=\/wp\/v2\/media\/12656"}],"wp:attachment":[{"href":"https:\/\/fisio-shop.pt\/index.php?rest_route=%2Fwp%2Fv2%2Fmedia&parent=10404"}],"wp:term":[{"taxonomy":"product_brand","embeddable":true,"href":"https:\/\/fisio-shop.pt\/index.php?rest_route=%2Fwp%2Fv2%2Fproduct_brand&post=10404"},{"taxonomy":"product_cat","embeddable":true,"href":"https:\/\/fisio-shop.pt\/index.php?rest_route=%2Fwp%2Fv2%2Fproduct_cat&post=10404"},{"taxonomy":"product_tag","embeddable":true,"href":"https:\/\/fisio-shop.pt\/index.php?rest_route=%2Fwp%2Fv2%2Fproduct_tag&post=10404"}],"curies":[{"name":"wp","href":"https:\/\/api.w.org\/{rel}","templated":true}]}}