{"id":8498,"date":"2017-06-06T17:17:44","date_gmt":"2017-06-06T17:17:44","guid":{"rendered":"https:\/\/fisio-shop.pt\/loja\/sistema-de-polia-dupla\/"},"modified":"2026-02-25T19:54:18","modified_gmt":"2026-02-25T19:54:18","slug":"sistema-de-polia-dupla","status":"publish","type":"product","link":"https:\/\/fisio-shop.pt\/?product=sistema-de-polia-dupla","title":{"rendered":"SISTEMA DE POLIA DUPLA"},"content":{"rendered":"<ul>\n<li>Sistema de roldana dupla com uma parede de madeira central;<\/li>\n<li>Para exerc\u00edcios de reabilita\u00e7\u00e3o at\u00e9 com cadeira de rodas;<\/li>\n<li>Carga de trabalho ajust\u00e1vel com pesos de 1 at\u00e9 20 Kg;<\/li>\n<li>Estrutura em a\u00e7o pintado, com altura ajust\u00e1vel;<\/li>\n<li>Dimens\u00f5es: 122 x 33 x 220 cm;<\/li>\n<li>Ref: 07415<\/li>\n<li><strong>Instala\u00e7\u00e3o a efectuar pelo cliente<\/strong><\/li>\n<\/ul>\n<p><strong>Acess\u00f3rios opcionais para Polia Dupla:<\/strong><strong>\u00a0<\/strong><\/p>\n<p><strong>Punho 2:<\/strong><\/p>\n<ul>\n<li>Faixa com pega antiderrapante de borracha com um di\u00e2metro de 30 \u00a0mm;<\/li>\n<li>1 Anel cromado de \u00d835 mm para fixa\u00e7\u00e3o, na extremidade,;<\/li>\n<li>Usado durante os per\u00edodos de suspens\u00e3o ou refor\u00e7o;<\/li>\n<li>Pe\u00e7a \u00fanica;<\/li>\n<li>Dimens\u00f5es: 22 x 16 x \u00d83 cm;<\/li>\n<li>Peso: 100 gr;<\/li>\n<li>Ref: AC0298.<\/li>\n<\/ul>\n<p><strong>\u00a0<\/strong><strong>Gancho snap:<\/strong><\/p>\n<ul>\n<li>Gancho de liga\u00e7\u00e3o entre polia e faixas;<\/li>\n<li>Dimens\u00e3o: 6 x 3 x \u00f80.6 cm;<\/li>\n<li>Peso: 25 gr;<\/li>\n<li>Ref: AC0291.<\/li>\n<\/ul>\n<p><strong>\u00a0<\/strong><strong>Faixa de m\u00e3o, punho ou tornozelo:<\/strong><\/p>\n<ul>\n<li>Faixa indicada para utilizar durante per\u00edodos de suspens\u00e3o ou com a fun\u00e7\u00e3o de tornozelo;<\/li>\n<li>1 Anel cromado de \u00d835 mm para fixa\u00e7\u00e3o, na extremidade;<\/li>\n<li>Pe\u00e7a \u00fanica;<\/li>\n<li>Dimens\u00f5es: 33 x 5 x 1,5 cm;<\/li>\n<li>Peso: 50 gr;<\/li>\n<li>Ref: AC0299.<\/li>\n<\/ul>\n","protected":false},"excerpt":{"rendered":"<p>Sistema de polia dupla (Poliercolina), especificamente desenvolvido para a execu\u00e7\u00e3o de exerc\u00edcios de reabilita\u00e7\u00e3o dos membros superiores e inferiores.<\/p>\n","protected":false},"featured_media":10809,"comment_status":"open","ping_status":"closed","template":"","meta":{"rs_blank_template":"","rs_page_bg_color":"","slide_template_v7":""},"product_brand":[],"product_cat":[1397,1401,1426,1427,1432,1880],"product_tag":[245,247],"class_list":{"0":"post-8498","1":"product","2":"type-product","3":"status-publish","4":"has-post-thumbnail","6":"product_cat-saude","7":"product_cat-equipamentos-para-medicina-fisica-e-reabilitacao","8":"product_cat-mecanoterapia","9":"product_cat-mecanoterapia-mecanoterapia","10":"product_cat-terapia-ocupacional","11":"product_cat-reabilitacao-dos-membros-superiores-e-inferiores","12":"product_tag-polia","13":"product_tag-polia-dupla","15":"first","16":"instock","17":"shipping-taxable","18":"product-type-simple"},"aioseo_notices":[],"etheme_brands":{"errors":{"invalid_taxonomy":["Taxonomia inv\u00e1lida."]},"error_data":[]},"aioseo_head":"\n\t\t<!-- All in One SEO Pro 4.9.0 - aioseo.com -->\n\t<meta name=\"description\" content=\"Sistema de polia dupla (Poliercolina), especificamente desenvolvido para a execu\u00e7\u00e3o de exerc\u00edcios de reabilita\u00e7\u00e3o dos membros superiores e inferiores.\" \/>\n\t<meta name=\"robots\" content=\"max-image-preview:large\" \/>\n\t<link rel=\"canonical\" href=\"https:\/\/fisio-shop.pt\/?product=sistema-de-polia-dupla\" \/>\n\t<meta name=\"generator\" content=\"All in One SEO Pro (AIOSEO) 4.9.0\" \/>\n\t\t<meta property=\"og:locale\" content=\"pt_PT\" \/>\n\t\t<meta property=\"og:site_name\" content=\"Fisio-shop - Empresa especializada na distribui\u00e7\u00e3o de equipamentos profissionais para os mercados da Fisioterapia, Geriatria, Fitness e Medicina Desportiva.\" \/>\n\t\t<meta property=\"og:type\" content=\"article\" \/>\n\t\t<meta property=\"og:title\" content=\"SISTEMA DE POLIA DUPLA - Fisio-shop\" \/>\n\t\t<meta property=\"og:description\" content=\"Sistema de polia dupla (Poliercolina), especificamente desenvolvido para a execu\u00e7\u00e3o de exerc\u00edcios de reabilita\u00e7\u00e3o dos membros superiores e inferiores.\" \/>\n\t\t<meta property=\"og:url\" content=\"https:\/\/fisio-shop.pt\/?product=sistema-de-polia-dupla\" \/>\n\t\t<meta property=\"og:image\" content=\"https:\/\/fisio-shop.pt\/wp-content\/uploads\/2026\/04\/android-chrome-192x192-1.png\" \/>\n\t\t<meta property=\"og:image:secure_url\" content=\"https:\/\/fisio-shop.pt\/wp-content\/uploads\/2026\/04\/android-chrome-192x192-1.png\" \/>\n\t\t<meta property=\"article:published_time\" content=\"2017-06-06T17:17:44+00:00\" \/>\n\t\t<meta property=\"article:modified_time\" content=\"2026-02-25T19:54:18+00:00\" \/>\n\t\t<meta property=\"article:publisher\" content=\"https:\/\/www.facebook.com\/p\/Fisioshop-Comrcio-de-Equipamentos-Lda-100036934916130\/\" \/>\n\t\t<meta name=\"twitter:card\" content=\"summary_large_image\" \/>\n\t\t<meta name=\"twitter:title\" content=\"SISTEMA DE POLIA DUPLA - Fisio-shop\" \/>\n\t\t<meta name=\"twitter:description\" content=\"Sistema de polia dupla (Poliercolina), especificamente desenvolvido para a execu\u00e7\u00e3o de exerc\u00edcios de reabilita\u00e7\u00e3o dos membros superiores e inferiores.\" \/>\n\t\t<meta name=\"twitter:image\" content=\"https:\/\/fisio-shop.pt\/wp-content\/uploads\/2026\/04\/android-chrome-192x192-1.png\" \/>\n\t\t<script type=\"application\/ld+json\" class=\"aioseo-schema\">\n\t\t\t{\"@context\":\"https:\\\/\\\/schema.org\",\"@graph\":[{\"@type\":\"BreadcrumbList\",\"@id\":\"https:\\\/\\\/fisio-shop.pt\\\/?product=sistema-de-polia-dupla#breadcrumblist\",\"itemListElement\":[{\"@type\":\"ListItem\",\"@id\":\"https:\\\/\\\/fisio-shop.pt#listItem\",\"position\":1,\"name\":\"Home\",\"item\":\"https:\\\/\\\/fisio-shop.pt\",\"nextItem\":{\"@type\":\"ListItem\",\"@id\":\"https:\\\/\\\/fisio-shop.pt\\\/?page_id=5#listItem\",\"name\":\"Loja\"}},{\"@type\":\"ListItem\",\"@id\":\"https:\\\/\\\/fisio-shop.pt\\\/?page_id=5#listItem\",\"position\":2,\"name\":\"Loja\",\"item\":\"https:\\\/\\\/fisio-shop.pt\\\/?page_id=5\",\"nextItem\":{\"@type\":\"ListItem\",\"@id\":\"https:\\\/\\\/fisio-shop.pt\\\/?product_cat=saude#listItem\",\"name\":\"Sa\\u00fade\"},\"previousItem\":{\"@type\":\"ListItem\",\"@id\":\"https:\\\/\\\/fisio-shop.pt#listItem\",\"name\":\"Home\"}},{\"@type\":\"ListItem\",\"@id\":\"https:\\\/\\\/fisio-shop.pt\\\/?product_cat=saude#listItem\",\"position\":3,\"name\":\"Sa\\u00fade\",\"item\":\"https:\\\/\\\/fisio-shop.pt\\\/?product_cat=saude\",\"nextItem\":{\"@type\":\"ListItem\",\"@id\":\"https:\\\/\\\/fisio-shop.pt\\\/?product_cat=equipamentos-para-medicina-fisica-e-reabilitacao#listItem\",\"name\":\"Equipamentos para medicina f\\u00edsica e reabilita\\u00e7\\u00e3o\"},\"previousItem\":{\"@type\":\"ListItem\",\"@id\":\"https:\\\/\\\/fisio-shop.pt\\\/?page_id=5#listItem\",\"name\":\"Loja\"}},{\"@type\":\"ListItem\",\"@id\":\"https:\\\/\\\/fisio-shop.pt\\\/?product_cat=equipamentos-para-medicina-fisica-e-reabilitacao#listItem\",\"position\":4,\"name\":\"Equipamentos para medicina f\\u00edsica e reabilita\\u00e7\\u00e3o\",\"item\":\"https:\\\/\\\/fisio-shop.pt\\\/?product_cat=equipamentos-para-medicina-fisica-e-reabilitacao\",\"nextItem\":{\"@type\":\"ListItem\",\"@id\":\"https:\\\/\\\/fisio-shop.pt\\\/?product_cat=mecanoterapia#listItem\",\"name\":\"Mecanoterapia\"},\"previousItem\":{\"@type\":\"ListItem\",\"@id\":\"https:\\\/\\\/fisio-shop.pt\\\/?product_cat=saude#listItem\",\"name\":\"Sa\\u00fade\"}},{\"@type\":\"ListItem\",\"@id\":\"https:\\\/\\\/fisio-shop.pt\\\/?product_cat=mecanoterapia#listItem\",\"position\":5,\"name\":\"Mecanoterapia\",\"item\":\"https:\\\/\\\/fisio-shop.pt\\\/?product_cat=mecanoterapia\",\"nextItem\":{\"@type\":\"ListItem\",\"@id\":\"https:\\\/\\\/fisio-shop.pt\\\/?product_cat=mecanoterapia-mecanoterapia#listItem\",\"name\":\"Mecanoterapia\"},\"previousItem\":{\"@type\":\"ListItem\",\"@id\":\"https:\\\/\\\/fisio-shop.pt\\\/?product_cat=equipamentos-para-medicina-fisica-e-reabilitacao#listItem\",\"name\":\"Equipamentos para medicina f\\u00edsica e reabilita\\u00e7\\u00e3o\"}},{\"@type\":\"ListItem\",\"@id\":\"https:\\\/\\\/fisio-shop.pt\\\/?product_cat=mecanoterapia-mecanoterapia#listItem\",\"position\":6,\"name\":\"Mecanoterapia\",\"item\":\"https:\\\/\\\/fisio-shop.pt\\\/?product_cat=mecanoterapia-mecanoterapia\",\"nextItem\":{\"@type\":\"ListItem\",\"@id\":\"https:\\\/\\\/fisio-shop.pt\\\/?product=sistema-de-polia-dupla#listItem\",\"name\":\"SISTEMA DE POLIA DUPLA\"},\"previousItem\":{\"@type\":\"ListItem\",\"@id\":\"https:\\\/\\\/fisio-shop.pt\\\/?product_cat=mecanoterapia#listItem\",\"name\":\"Mecanoterapia\"}},{\"@type\":\"ListItem\",\"@id\":\"https:\\\/\\\/fisio-shop.pt\\\/?product=sistema-de-polia-dupla#listItem\",\"position\":7,\"name\":\"SISTEMA DE POLIA DUPLA\",\"previousItem\":{\"@type\":\"ListItem\",\"@id\":\"https:\\\/\\\/fisio-shop.pt\\\/?product_cat=mecanoterapia-mecanoterapia#listItem\",\"name\":\"Mecanoterapia\"}}]},{\"@type\":\"Organization\",\"@id\":\"https:\\\/\\\/fisio-shop.pt\\\/#organization\",\"name\":\"Fisio-shop\",\"description\":\"Empresa especializada na distribui\\u00e7\\u00e3o de equipamentos profissionais para os mercados da Fisioterapia, Geriatria, Fitness e Medicina Desportiva. Empresa especializada na distribui\\u00e7\\u00e3o de equipamentos profissionais para os mercados da Fisioterapia, Geriatria, Fitness e Medicina Desportiva.\",\"url\":\"https:\\\/\\\/fisio-shop.pt\\\/\",\"logo\":{\"@type\":\"ImageObject\",\"url\":\"https:\\\/\\\/fisio-shop.pt\\\/wp-content\\\/uploads\\\/2026\\\/04\\\/android-chrome-192x192-1.png\",\"@id\":\"https:\\\/\\\/fisio-shop.pt\\\/?product=sistema-de-polia-dupla\\\/#organizationLogo\"},\"image\":{\"@id\":\"https:\\\/\\\/fisio-shop.pt\\\/?product=sistema-de-polia-dupla\\\/#organizationLogo\"},\"sameAs\":[\"https:\\\/\\\/www.facebook.com\\\/p\\\/Fisioshop-Comrcio-de-Equipamentos-Lda-100036934916130\\\/\"]},{\"@type\":\"Product\",\"@id\":\"https:\\\/\\\/fisio-shop.pt\\\/?product=sistema-de-polia-dupla#wooCommerceProduct\",\"name\":\"SISTEMA DE POLIA DUPLA\",\"description\":\"Sistema de polia dupla (Poliercolina), especificamente desenvolvido para a execu\\u00e7\\u00e3o de exerc\\u00edcios de reabilita\\u00e7\\u00e3o dos membros superiores e inferiores.\",\"url\":\"https:\\\/\\\/fisio-shop.pt\\\/?product=sistema-de-polia-dupla\",\"sku\":\"07415\",\"image\":{\"@type\":\"ImageObject\",\"url\":\"https:\\\/\\\/fisio-shop.pt\\\/wp-content\\\/uploads\\\/2026\\\/02\\\/POLIA-DUPLA-1.jpg\",\"@id\":\"https:\\\/\\\/fisio-shop.pt\\\/?product=sistema-de-polia-dupla\\\/#productImage\",\"width\":612,\"height\":461},\"offers\":{\"@type\":\"Offer\",\"url\":\"https:\\\/\\\/fisio-shop.pt\\\/?product=sistema-de-polia-dupla#wooCommerceOffer\",\"price\":0,\"priceCurrency\":\"EUR\",\"category\":\"Sa\\u00fade\",\"availability\":\"https:\\\/\\\/schema.org\\\/InStock\",\"seller\":{\"@type\":\"Organization\",\"@id\":\"https:\\\/\\\/fisio-shop.pt\\\/#organization\"}}},{\"@type\":\"WebPage\",\"@id\":\"https:\\\/\\\/fisio-shop.pt\\\/?product=sistema-de-polia-dupla#webpage\",\"url\":\"https:\\\/\\\/fisio-shop.pt\\\/?product=sistema-de-polia-dupla\",\"name\":\"SISTEMA DE POLIA DUPLA - Fisio-shop\",\"description\":\"Sistema de polia dupla (Poliercolina), especificamente desenvolvido para a execu\\u00e7\\u00e3o de exerc\\u00edcios de reabilita\\u00e7\\u00e3o dos membros superiores e inferiores.\",\"inLanguage\":\"pt-PT\",\"isPartOf\":{\"@id\":\"https:\\\/\\\/fisio-shop.pt\\\/#website\"},\"breadcrumb\":{\"@id\":\"https:\\\/\\\/fisio-shop.pt\\\/?product=sistema-de-polia-dupla#breadcrumblist\"},\"image\":{\"@type\":\"ImageObject\",\"url\":\"https:\\\/\\\/fisio-shop.pt\\\/wp-content\\\/uploads\\\/2026\\\/02\\\/POLIA-DUPLA-1.jpg\",\"@id\":\"https:\\\/\\\/fisio-shop.pt\\\/?product=sistema-de-polia-dupla\\\/#mainImage\",\"width\":612,\"height\":461},\"primaryImageOfPage\":{\"@id\":\"https:\\\/\\\/fisio-shop.pt\\\/?product=sistema-de-polia-dupla#mainImage\"},\"datePublished\":\"2017-06-06T17:17:44+00:00\",\"dateModified\":\"2026-02-25T19:54:18+00:00\"},{\"@type\":\"WebSite\",\"@id\":\"https:\\\/\\\/fisio-shop.pt\\\/#website\",\"url\":\"https:\\\/\\\/fisio-shop.pt\\\/\",\"name\":\"Fisio-shop\",\"description\":\"Empresa especializada na distribui\\u00e7\\u00e3o de equipamentos profissionais para os mercados da Fisioterapia, Geriatria, Fitness e Medicina Desportiva.\",\"inLanguage\":\"pt-PT\",\"publisher\":{\"@id\":\"https:\\\/\\\/fisio-shop.pt\\\/#organization\"}}]}\n\t\t<\/script>\n\t\t<!-- All in One SEO Pro -->\r\n\t\t<title>SISTEMA DE POLIA DUPLA - Fisio-shop<\/title>\n\n","aioseo_head_json":{"title":"SISTEMA DE POLIA DUPLA - Fisio-shop","description":"Sistema de polia dupla (Poliercolina), especificamente desenvolvido para a execu\u00e7\u00e3o de exerc\u00edcios de reabilita\u00e7\u00e3o dos membros superiores e inferiores.","canonical_url":"https:\/\/fisio-shop.pt\/?product=sistema-de-polia-dupla","robots":"max-image-preview:large","keywords":"","webmasterTools":{"miscellaneous":""},"schema":{"@context":"https:\/\/schema.org","@graph":[{"@type":"BreadcrumbList","@id":"https:\/\/fisio-shop.pt\/?product=sistema-de-polia-dupla#breadcrumblist","itemListElement":[{"@type":"ListItem","@id":"https:\/\/fisio-shop.pt#listItem","position":1,"name":"Home","item":"https:\/\/fisio-shop.pt","nextItem":{"@type":"ListItem","@id":"https:\/\/fisio-shop.pt\/?page_id=5#listItem","name":"Loja"}},{"@type":"ListItem","@id":"https:\/\/fisio-shop.pt\/?page_id=5#listItem","position":2,"name":"Loja","item":"https:\/\/fisio-shop.pt\/?page_id=5","nextItem":{"@type":"ListItem","@id":"https:\/\/fisio-shop.pt\/?product_cat=saude#listItem","name":"Sa\u00fade"},"previousItem":{"@type":"ListItem","@id":"https:\/\/fisio-shop.pt#listItem","name":"Home"}},{"@type":"ListItem","@id":"https:\/\/fisio-shop.pt\/?product_cat=saude#listItem","position":3,"name":"Sa\u00fade","item":"https:\/\/fisio-shop.pt\/?product_cat=saude","nextItem":{"@type":"ListItem","@id":"https:\/\/fisio-shop.pt\/?product_cat=equipamentos-para-medicina-fisica-e-reabilitacao#listItem","name":"Equipamentos para medicina f\u00edsica e reabilita\u00e7\u00e3o"},"previousItem":{"@type":"ListItem","@id":"https:\/\/fisio-shop.pt\/?page_id=5#listItem","name":"Loja"}},{"@type":"ListItem","@id":"https:\/\/fisio-shop.pt\/?product_cat=equipamentos-para-medicina-fisica-e-reabilitacao#listItem","position":4,"name":"Equipamentos para medicina f\u00edsica e reabilita\u00e7\u00e3o","item":"https:\/\/fisio-shop.pt\/?product_cat=equipamentos-para-medicina-fisica-e-reabilitacao","nextItem":{"@type":"ListItem","@id":"https:\/\/fisio-shop.pt\/?product_cat=mecanoterapia#listItem","name":"Mecanoterapia"},"previousItem":{"@type":"ListItem","@id":"https:\/\/fisio-shop.pt\/?product_cat=saude#listItem","name":"Sa\u00fade"}},{"@type":"ListItem","@id":"https:\/\/fisio-shop.pt\/?product_cat=mecanoterapia#listItem","position":5,"name":"Mecanoterapia","item":"https:\/\/fisio-shop.pt\/?product_cat=mecanoterapia","nextItem":{"@type":"ListItem","@id":"https:\/\/fisio-shop.pt\/?product_cat=mecanoterapia-mecanoterapia#listItem","name":"Mecanoterapia"},"previousItem":{"@type":"ListItem","@id":"https:\/\/fisio-shop.pt\/?product_cat=equipamentos-para-medicina-fisica-e-reabilitacao#listItem","name":"Equipamentos para medicina f\u00edsica e reabilita\u00e7\u00e3o"}},{"@type":"ListItem","@id":"https:\/\/fisio-shop.pt\/?product_cat=mecanoterapia-mecanoterapia#listItem","position":6,"name":"Mecanoterapia","item":"https:\/\/fisio-shop.pt\/?product_cat=mecanoterapia-mecanoterapia","nextItem":{"@type":"ListItem","@id":"https:\/\/fisio-shop.pt\/?product=sistema-de-polia-dupla#listItem","name":"SISTEMA DE POLIA DUPLA"},"previousItem":{"@type":"ListItem","@id":"https:\/\/fisio-shop.pt\/?product_cat=mecanoterapia#listItem","name":"Mecanoterapia"}},{"@type":"ListItem","@id":"https:\/\/fisio-shop.pt\/?product=sistema-de-polia-dupla#listItem","position":7,"name":"SISTEMA DE POLIA DUPLA","previousItem":{"@type":"ListItem","@id":"https:\/\/fisio-shop.pt\/?product_cat=mecanoterapia-mecanoterapia#listItem","name":"Mecanoterapia"}}]},{"@type":"Organization","@id":"https:\/\/fisio-shop.pt\/#organization","name":"Fisio-shop","description":"Empresa especializada na distribui\u00e7\u00e3o de equipamentos profissionais para os mercados da Fisioterapia, Geriatria, Fitness e Medicina Desportiva. Empresa especializada na distribui\u00e7\u00e3o de equipamentos profissionais para os mercados da Fisioterapia, Geriatria, Fitness e Medicina Desportiva.","url":"https:\/\/fisio-shop.pt\/","logo":{"@type":"ImageObject","url":"https:\/\/fisio-shop.pt\/wp-content\/uploads\/2026\/04\/android-chrome-192x192-1.png","@id":"https:\/\/fisio-shop.pt\/?product=sistema-de-polia-dupla\/#organizationLogo"},"image":{"@id":"https:\/\/fisio-shop.pt\/?product=sistema-de-polia-dupla\/#organizationLogo"},"sameAs":["https:\/\/www.facebook.com\/p\/Fisioshop-Comrcio-de-Equipamentos-Lda-100036934916130\/"]},{"@type":"Product","@id":"https:\/\/fisio-shop.pt\/?product=sistema-de-polia-dupla#wooCommerceProduct","name":"SISTEMA DE POLIA DUPLA","description":"Sistema de polia dupla (Poliercolina), especificamente desenvolvido para a execu\u00e7\u00e3o de exerc\u00edcios de reabilita\u00e7\u00e3o dos membros superiores e inferiores.","url":"https:\/\/fisio-shop.pt\/?product=sistema-de-polia-dupla","sku":"07415","image":{"@type":"ImageObject","url":"https:\/\/fisio-shop.pt\/wp-content\/uploads\/2026\/02\/POLIA-DUPLA-1.jpg","@id":"https:\/\/fisio-shop.pt\/?product=sistema-de-polia-dupla\/#productImage","width":612,"height":461},"offers":{"@type":"Offer","url":"https:\/\/fisio-shop.pt\/?product=sistema-de-polia-dupla#wooCommerceOffer","price":0,"priceCurrency":"EUR","category":"Sa\u00fade","availability":"https:\/\/schema.org\/InStock","seller":{"@type":"Organization","@id":"https:\/\/fisio-shop.pt\/#organization"}}},{"@type":"WebPage","@id":"https:\/\/fisio-shop.pt\/?product=sistema-de-polia-dupla#webpage","url":"https:\/\/fisio-shop.pt\/?product=sistema-de-polia-dupla","name":"SISTEMA DE POLIA DUPLA - Fisio-shop","description":"Sistema de polia dupla (Poliercolina), especificamente desenvolvido para a execu\u00e7\u00e3o de exerc\u00edcios de reabilita\u00e7\u00e3o dos membros superiores e inferiores.","inLanguage":"pt-PT","isPartOf":{"@id":"https:\/\/fisio-shop.pt\/#website"},"breadcrumb":{"@id":"https:\/\/fisio-shop.pt\/?product=sistema-de-polia-dupla#breadcrumblist"},"image":{"@type":"ImageObject","url":"https:\/\/fisio-shop.pt\/wp-content\/uploads\/2026\/02\/POLIA-DUPLA-1.jpg","@id":"https:\/\/fisio-shop.pt\/?product=sistema-de-polia-dupla\/#mainImage","width":612,"height":461},"primaryImageOfPage":{"@id":"https:\/\/fisio-shop.pt\/?product=sistema-de-polia-dupla#mainImage"},"datePublished":"2017-06-06T17:17:44+00:00","dateModified":"2026-02-25T19:54:18+00:00"},{"@type":"WebSite","@id":"https:\/\/fisio-shop.pt\/#website","url":"https:\/\/fisio-shop.pt\/","name":"Fisio-shop","description":"Empresa especializada na distribui\u00e7\u00e3o de equipamentos profissionais para os mercados da Fisioterapia, Geriatria, Fitness e Medicina Desportiva.","inLanguage":"pt-PT","publisher":{"@id":"https:\/\/fisio-shop.pt\/#organization"}}]},"og:locale":"pt_PT","og:site_name":"Fisio-shop - Empresa especializada na distribui\u00e7\u00e3o de equipamentos profissionais para os mercados da Fisioterapia, Geriatria, Fitness e Medicina Desportiva.","og:type":"article","og:title":"SISTEMA DE POLIA DUPLA - Fisio-shop","og:description":"Sistema de polia dupla (Poliercolina), especificamente desenvolvido para a execu\u00e7\u00e3o de exerc\u00edcios de reabilita\u00e7\u00e3o dos membros superiores e inferiores.","og:url":"https:\/\/fisio-shop.pt\/?product=sistema-de-polia-dupla","og:image":"https:\/\/fisio-shop.pt\/wp-content\/uploads\/2026\/04\/android-chrome-192x192-1.png","og:image:secure_url":"https:\/\/fisio-shop.pt\/wp-content\/uploads\/2026\/04\/android-chrome-192x192-1.png","article:published_time":"2017-06-06T17:17:44+00:00","article:modified_time":"2026-02-25T19:54:18+00:00","article:publisher":"https:\/\/www.facebook.com\/p\/Fisioshop-Comrcio-de-Equipamentos-Lda-100036934916130\/","twitter:card":"summary_large_image","twitter:title":"SISTEMA DE POLIA DUPLA - Fisio-shop","twitter:description":"Sistema de polia dupla (Poliercolina), especificamente desenvolvido para a execu\u00e7\u00e3o de exerc\u00edcios de reabilita\u00e7\u00e3o dos membros superiores e inferiores.","twitter:image":"https:\/\/fisio-shop.pt\/wp-content\/uploads\/2026\/04\/android-chrome-192x192-1.png"},"aioseo_meta_data":{"post_id":"8498","title":null,"description":null,"keywords":null,"keyphrases":null,"primary_term":null,"canonical_url":null,"og_title":null,"og_description":null,"og_object_type":"default","og_image_type":"default","og_image_url":null,"og_image_width":null,"og_image_height":null,"og_image_custom_url":null,"og_image_custom_fields":null,"og_video":null,"og_custom_url":null,"og_article_section":null,"og_article_tags":null,"twitter_use_og":false,"twitter_card":"default","twitter_image_type":"default","twitter_image_url":null,"twitter_image_custom_url":null,"twitter_image_custom_fields":null,"twitter_title":null,"twitter_description":null,"schema":{"blockGraphs":[],"customGraphs":[],"default":{"data":{"Article":[],"Course":[],"Dataset":[],"FAQPage":[],"Movie":[],"Person":[],"Product":[],"ProductReview":[],"Car":[],"Recipe":[],"Service":[],"SoftwareApplication":[],"WebPage":[]},"graphName":"","isEnabled":true},"graphs":[]},"schema_type":"default","schema_type_options":null,"pillar_content":false,"robots_default":true,"robots_noindex":false,"robots_noarchive":false,"robots_nosnippet":false,"robots_nofollow":false,"robots_noimageindex":false,"robots_noodp":false,"robots_notranslate":false,"robots_max_snippet":null,"robots_max_videopreview":null,"robots_max_imagepreview":"large","priority":null,"frequency":null,"local_seo":null,"seo_analyzer_scan_date":"2026-04-18 09:39:53","breadcrumb_settings":null,"limit_modified_date":false,"open_ai":null,"ai":null,"created":"2026-04-18 07:02:18","updated":"2026-04-18 21:33:51"},"aioseo_breadcrumb":"<div class=\"aioseo-breadcrumbs\"><span class=\"aioseo-breadcrumb\">\n\t<a href=\"https:\/\/fisio-shop.pt\" title=\"Home\">Home<\/a>\n<\/span><span class=\"aioseo-breadcrumb-separator\">\u00bb<\/span><span class=\"aioseo-breadcrumb\">\n\t<a href=\"https:\/\/fisio-shop.pt\/?page_id=5\" title=\"Loja\">Loja<\/a>\n<\/span><span class=\"aioseo-breadcrumb-separator\">\u00bb<\/span><span class=\"aioseo-breadcrumb\">\n\t<a href=\"https:\/\/fisio-shop.pt\/?product_cat=saude\" title=\"Sa\u00fade\">Sa\u00fade<\/a>\n<\/span><span class=\"aioseo-breadcrumb-separator\">\u00bb<\/span><span class=\"aioseo-breadcrumb\">\n\t<a href=\"https:\/\/fisio-shop.pt\/?product_cat=equipamentos-para-medicina-fisica-e-reabilitacao\" title=\"Equipamentos para medicina f\u00edsica e reabilita\u00e7\u00e3o\">Equipamentos para medicina f\u00edsica e reabilita\u00e7\u00e3o<\/a>\n<\/span><span class=\"aioseo-breadcrumb-separator\">\u00bb<\/span><span class=\"aioseo-breadcrumb\">\n\t<a href=\"https:\/\/fisio-shop.pt\/?product_cat=mecanoterapia\" title=\"Mecanoterapia\">Mecanoterapia<\/a>\n<\/span><span class=\"aioseo-breadcrumb-separator\">\u00bb<\/span><span class=\"aioseo-breadcrumb\">\n\t<a href=\"https:\/\/fisio-shop.pt\/?product_cat=mecanoterapia-mecanoterapia\" title=\"Mecanoterapia\">Mecanoterapia<\/a>\n<\/span><span class=\"aioseo-breadcrumb-separator\">\u00bb<\/span><span class=\"aioseo-breadcrumb\">\n\tSISTEMA DE POLIA DUPLA\n<\/span><\/div>","aioseo_breadcrumb_json":[{"label":"Home","link":"https:\/\/fisio-shop.pt"},{"label":"Loja","link":"https:\/\/fisio-shop.pt\/?page_id=5"},{"label":"Sa\u00fade","link":"https:\/\/fisio-shop.pt\/?product_cat=saude"},{"label":"Equipamentos para medicina f\u00edsica e reabilita\u00e7\u00e3o","link":"https:\/\/fisio-shop.pt\/?product_cat=equipamentos-para-medicina-fisica-e-reabilitacao"},{"label":"Mecanoterapia","link":"https:\/\/fisio-shop.pt\/?product_cat=mecanoterapia"},{"label":"Mecanoterapia","link":"https:\/\/fisio-shop.pt\/?product_cat=mecanoterapia-mecanoterapia"},{"label":"SISTEMA DE POLIA DUPLA","link":"https:\/\/fisio-shop.pt\/?product=sistema-de-polia-dupla"}],"_links":{"self":[{"href":"https:\/\/fisio-shop.pt\/index.php?rest_route=\/wp\/v2\/product\/8498","targetHints":{"allow":["GET"]}}],"collection":[{"href":"https:\/\/fisio-shop.pt\/index.php?rest_route=\/wp\/v2\/product"}],"about":[{"href":"https:\/\/fisio-shop.pt\/index.php?rest_route=\/wp\/v2\/types\/product"}],"replies":[{"embeddable":true,"href":"https:\/\/fisio-shop.pt\/index.php?rest_route=%2Fwp%2Fv2%2Fcomments&post=8498"}],"version-history":[{"count":0,"href":"https:\/\/fisio-shop.pt\/index.php?rest_route=\/wp\/v2\/product\/8498\/revisions"}],"wp:featuredmedia":[{"embeddable":true,"href":"https:\/\/fisio-shop.pt\/index.php?rest_route=\/wp\/v2\/media\/10809"}],"wp:attachment":[{"href":"https:\/\/fisio-shop.pt\/index.php?rest_route=%2Fwp%2Fv2%2Fmedia&parent=8498"}],"wp:term":[{"taxonomy":"product_brand","embeddable":true,"href":"https:\/\/fisio-shop.pt\/index.php?rest_route=%2Fwp%2Fv2%2Fproduct_brand&post=8498"},{"taxonomy":"product_cat","embeddable":true,"href":"https:\/\/fisio-shop.pt\/index.php?rest_route=%2Fwp%2Fv2%2Fproduct_cat&post=8498"},{"taxonomy":"product_tag","embeddable":true,"href":"https:\/\/fisio-shop.pt\/index.php?rest_route=%2Fwp%2Fv2%2Fproduct_tag&post=8498"}],"curies":[{"name":"wp","href":"https:\/\/api.w.org\/{rel}","templated":true}]}}