{"id":9020,"date":"2017-06-26T12:58:48","date_gmt":"2017-06-26T12:58:48","guid":{"rendered":"https:\/\/fisio-shop.pt\/loja\/cadeirao-reclinavel-costa-e-pes-encosto-alto\/"},"modified":"2026-02-25T19:57:32","modified_gmt":"2026-02-25T19:57:32","slug":"cadeirao-reclinavel-costa-e-pes-encosto-alto","status":"publish","type":"product","link":"https:\/\/fisio-shop.pt\/?product=cadeirao-reclinavel-costa-e-pes-encosto-alto","title":{"rendered":"CADEIR\u00c3O RECLIN\u00c1VEL (COSTA E P\u00c9S) ENCOSTO ALTO"},"content":{"rendered":"<ul>\n<li>Cadeir\u00e3o de repouso com 2 amortecedores;<\/li>\n<li>Estrutura estofada a napa c\/ rodas destinada ao repouso e relaxamento;<\/li>\n<li>Estrutura em tubo de a\u00e7o redondo de 32 e 25 mm;<\/li>\n<li>Barra de apoio nas costas do encosto para fazer deslocar o cadeir\u00e3o;<\/li>\n<li>Reclina\u00e7\u00e3o a 180\u00ba da estrutura e apoio de pernas\/p\u00e9s atrav\u00e9s de 2 amortecedores a g\u00e1s;<\/li>\n<li>Estofo em madeira coberto por uma espuma flex\u00edvel de poliuretano com revestimento em napa ou semi-pele;<\/li>\n<li>Altura do assento ao solo: 470 mm;<\/li>\n<li>Largura entre apoio de bra\u00e7os; 550 mm;<\/li>\n<li>Dois apoios de bra\u00e7os com sistema de regula\u00e7\u00e3o em 3 sec\u00e7\u00f5es (alturas: 490-610-720 mm;<\/li>\n<li>Dimens\u00f5es: C900 x L660 x AL1200 mm;<\/li>\n<li>Leito na horizontal: 1700 mm;<\/li>\n<li>Base assente em 4 rodas de 125mm c\/ trav\u00e3o sendo 1 c\/ trav\u00e3o direcional;<\/li>\n<li>Peso: 32 Kg;<\/li>\n<li>Ref: 1360.<\/li>\n<\/ul>\n<p>&nbsp;<\/p>\n","protected":false},"excerpt":{"rendered":"<p>Cadeir\u00e3o de repouso com 2 amortecedores, barra de apoio nas costas do encosto para fazer deslocar o cadeir\u00e3o,\u00a0estrutura estofada a napa.<\/p>\n<p>Reclina\u00e7\u00e3o a 180\u00ba da estrutura e apoio de pernas\/p\u00e9s atrav\u00e9s de 2 amortecedores a g\u00e1s.<\/p>\n","protected":false},"featured_media":11342,"comment_status":"open","ping_status":"closed","template":"","meta":{"rs_blank_template":"","rs_page_bg_color":"","slide_template_v7":""},"product_brand":[],"product_cat":[1398,1512,1527,1530,1531,1534,1541,1542],"product_tag":[],"class_list":{"0":"post-9020","1":"product","2":"type-product","3":"status-publish","4":"has-post-thumbnail","6":"product_cat-geriatria","7":"product_cat-mobiliario-de-quarto","8":"product_cat-complementos-para-quarto","9":"product_cat-maples-e-cadeiroes","10":"product_cat-acessorios-e-apoios-tecnicos-para-quarto","11":"product_cat-cadeiroes-de-quarto","12":"product_cat-mobiliario-para-zonas-coletivas","13":"product_cat-cadeiras","15":"first","16":"instock","17":"shipping-taxable","18":"product-type-simple"},"aioseo_notices":[],"etheme_brands":{"errors":{"invalid_taxonomy":["Taxonomia inv\u00e1lida."]},"error_data":[]},"aioseo_head":"\n\t\t<!-- All in One SEO Pro 4.9.0 - aioseo.com -->\n\t<meta name=\"description\" content=\"Cadeir\u00e3o de repouso com 2 amortecedores, barra de apoio nas costas do encosto para fazer deslocar o cadeir\u00e3o, estrutura estofada a napa. Reclina\u00e7\u00e3o a 180\u00ba da estrutura e apoio de pernas\/p\u00e9s atrav\u00e9s de 2 amortecedores a g\u00e1s.\" \/>\n\t<meta name=\"robots\" content=\"max-image-preview:large\" \/>\n\t<link rel=\"canonical\" href=\"https:\/\/fisio-shop.pt\/?product=cadeirao-reclinavel-costa-e-pes-encosto-alto\" \/>\n\t<meta name=\"generator\" content=\"All in One SEO Pro (AIOSEO) 4.9.0\" \/>\n\t\t<meta property=\"og:locale\" content=\"pt_PT\" \/>\n\t\t<meta property=\"og:site_name\" content=\"Fisio-shop - Empresa especializada na distribui\u00e7\u00e3o de equipamentos profissionais para os mercados da Fisioterapia, Geriatria, Fitness e Medicina Desportiva.\" \/>\n\t\t<meta property=\"og:type\" content=\"article\" \/>\n\t\t<meta property=\"og:title\" content=\"CADEIR\u00c3O RECLIN\u00c1VEL (COSTA E P\u00c9S) ENCOSTO ALTO - Fisio-shop\" \/>\n\t\t<meta property=\"og:description\" content=\"Cadeir\u00e3o de repouso com 2 amortecedores, barra de apoio nas costas do encosto para fazer deslocar o cadeir\u00e3o, estrutura estofada a napa. Reclina\u00e7\u00e3o a 180\u00ba da estrutura e apoio de pernas\/p\u00e9s atrav\u00e9s de 2 amortecedores a g\u00e1s.\" \/>\n\t\t<meta property=\"og:url\" content=\"https:\/\/fisio-shop.pt\/?product=cadeirao-reclinavel-costa-e-pes-encosto-alto\" \/>\n\t\t<meta property=\"og:image\" content=\"https:\/\/fisio-shop.pt\/wp-content\/uploads\/2026\/04\/android-chrome-192x192-1.png\" \/>\n\t\t<meta property=\"og:image:secure_url\" content=\"https:\/\/fisio-shop.pt\/wp-content\/uploads\/2026\/04\/android-chrome-192x192-1.png\" \/>\n\t\t<meta property=\"article:published_time\" content=\"2017-06-26T12:58:48+00:00\" \/>\n\t\t<meta property=\"article:modified_time\" content=\"2026-02-25T19:57:32+00:00\" \/>\n\t\t<meta property=\"article:publisher\" content=\"https:\/\/www.facebook.com\/p\/Fisioshop-Comrcio-de-Equipamentos-Lda-100036934916130\/\" \/>\n\t\t<meta name=\"twitter:card\" content=\"summary_large_image\" \/>\n\t\t<meta name=\"twitter:title\" content=\"CADEIR\u00c3O RECLIN\u00c1VEL (COSTA E P\u00c9S) ENCOSTO ALTO - Fisio-shop\" \/>\n\t\t<meta name=\"twitter:description\" content=\"Cadeir\u00e3o de repouso com 2 amortecedores, barra de apoio nas costas do encosto para fazer deslocar o cadeir\u00e3o, estrutura estofada a napa. Reclina\u00e7\u00e3o a 180\u00ba da estrutura e apoio de pernas\/p\u00e9s atrav\u00e9s de 2 amortecedores a g\u00e1s.\" \/>\n\t\t<meta name=\"twitter:image\" content=\"https:\/\/fisio-shop.pt\/wp-content\/uploads\/2026\/04\/android-chrome-192x192-1.png\" \/>\n\t\t<script type=\"application\/ld+json\" class=\"aioseo-schema\">\n\t\t\t{\"@context\":\"https:\\\/\\\/schema.org\",\"@graph\":[{\"@type\":\"BreadcrumbList\",\"@id\":\"https:\\\/\\\/fisio-shop.pt\\\/?product=cadeirao-reclinavel-costa-e-pes-encosto-alto#breadcrumblist\",\"itemListElement\":[{\"@type\":\"ListItem\",\"@id\":\"https:\\\/\\\/fisio-shop.pt#listItem\",\"position\":1,\"name\":\"Home\",\"item\":\"https:\\\/\\\/fisio-shop.pt\",\"nextItem\":{\"@type\":\"ListItem\",\"@id\":\"https:\\\/\\\/fisio-shop.pt\\\/?page_id=5#listItem\",\"name\":\"Loja\"}},{\"@type\":\"ListItem\",\"@id\":\"https:\\\/\\\/fisio-shop.pt\\\/?page_id=5#listItem\",\"position\":2,\"name\":\"Loja\",\"item\":\"https:\\\/\\\/fisio-shop.pt\\\/?page_id=5\",\"nextItem\":{\"@type\":\"ListItem\",\"@id\":\"https:\\\/\\\/fisio-shop.pt\\\/?product_cat=geriatria#listItem\",\"name\":\"Geriatria\"},\"previousItem\":{\"@type\":\"ListItem\",\"@id\":\"https:\\\/\\\/fisio-shop.pt#listItem\",\"name\":\"Home\"}},{\"@type\":\"ListItem\",\"@id\":\"https:\\\/\\\/fisio-shop.pt\\\/?product_cat=geriatria#listItem\",\"position\":3,\"name\":\"Geriatria\",\"item\":\"https:\\\/\\\/fisio-shop.pt\\\/?product_cat=geriatria\",\"nextItem\":{\"@type\":\"ListItem\",\"@id\":\"https:\\\/\\\/fisio-shop.pt\\\/?product_cat=mobiliario-de-quarto#listItem\",\"name\":\"Mobili\\u00e1rio de quarto - Geriatria\"},\"previousItem\":{\"@type\":\"ListItem\",\"@id\":\"https:\\\/\\\/fisio-shop.pt\\\/?page_id=5#listItem\",\"name\":\"Loja\"}},{\"@type\":\"ListItem\",\"@id\":\"https:\\\/\\\/fisio-shop.pt\\\/?product_cat=mobiliario-de-quarto#listItem\",\"position\":4,\"name\":\"Mobili\\u00e1rio de quarto - Geriatria\",\"item\":\"https:\\\/\\\/fisio-shop.pt\\\/?product_cat=mobiliario-de-quarto\",\"nextItem\":{\"@type\":\"ListItem\",\"@id\":\"https:\\\/\\\/fisio-shop.pt\\\/?product_cat=complementos-para-quarto#listItem\",\"name\":\"Complementos para quarto\"},\"previousItem\":{\"@type\":\"ListItem\",\"@id\":\"https:\\\/\\\/fisio-shop.pt\\\/?product_cat=geriatria#listItem\",\"name\":\"Geriatria\"}},{\"@type\":\"ListItem\",\"@id\":\"https:\\\/\\\/fisio-shop.pt\\\/?product_cat=complementos-para-quarto#listItem\",\"position\":5,\"name\":\"Complementos para quarto\",\"item\":\"https:\\\/\\\/fisio-shop.pt\\\/?product_cat=complementos-para-quarto\",\"nextItem\":{\"@type\":\"ListItem\",\"@id\":\"https:\\\/\\\/fisio-shop.pt\\\/?product_cat=maples-e-cadeiroes#listItem\",\"name\":\"Maples e cadeir\\u00f5es\"},\"previousItem\":{\"@type\":\"ListItem\",\"@id\":\"https:\\\/\\\/fisio-shop.pt\\\/?product_cat=mobiliario-de-quarto#listItem\",\"name\":\"Mobili\\u00e1rio de quarto - Geriatria\"}},{\"@type\":\"ListItem\",\"@id\":\"https:\\\/\\\/fisio-shop.pt\\\/?product_cat=maples-e-cadeiroes#listItem\",\"position\":6,\"name\":\"Maples e cadeir\\u00f5es\",\"item\":\"https:\\\/\\\/fisio-shop.pt\\\/?product_cat=maples-e-cadeiroes\",\"nextItem\":{\"@type\":\"ListItem\",\"@id\":\"https:\\\/\\\/fisio-shop.pt\\\/?product=cadeirao-reclinavel-costa-e-pes-encosto-alto#listItem\",\"name\":\"CADEIR\\u00c3O RECLIN\\u00c1VEL (COSTA E P\\u00c9S) ENCOSTO ALTO\"},\"previousItem\":{\"@type\":\"ListItem\",\"@id\":\"https:\\\/\\\/fisio-shop.pt\\\/?product_cat=complementos-para-quarto#listItem\",\"name\":\"Complementos para quarto\"}},{\"@type\":\"ListItem\",\"@id\":\"https:\\\/\\\/fisio-shop.pt\\\/?product=cadeirao-reclinavel-costa-e-pes-encosto-alto#listItem\",\"position\":7,\"name\":\"CADEIR\\u00c3O RECLIN\\u00c1VEL (COSTA E P\\u00c9S) ENCOSTO ALTO\",\"previousItem\":{\"@type\":\"ListItem\",\"@id\":\"https:\\\/\\\/fisio-shop.pt\\\/?product_cat=maples-e-cadeiroes#listItem\",\"name\":\"Maples e cadeir\\u00f5es\"}}]},{\"@type\":\"Organization\",\"@id\":\"https:\\\/\\\/fisio-shop.pt\\\/#organization\",\"name\":\"Fisio-shop\",\"description\":\"Empresa especializada na distribui\\u00e7\\u00e3o de equipamentos profissionais para os mercados da Fisioterapia, Geriatria, Fitness e Medicina Desportiva. Empresa especializada na distribui\\u00e7\\u00e3o de equipamentos profissionais para os mercados da Fisioterapia, Geriatria, Fitness e Medicina Desportiva.\",\"url\":\"https:\\\/\\\/fisio-shop.pt\\\/\",\"logo\":{\"@type\":\"ImageObject\",\"url\":\"https:\\\/\\\/fisio-shop.pt\\\/wp-content\\\/uploads\\\/2026\\\/04\\\/android-chrome-192x192-1.png\",\"@id\":\"https:\\\/\\\/fisio-shop.pt\\\/?product=cadeirao-reclinavel-costa-e-pes-encosto-alto\\\/#organizationLogo\"},\"image\":{\"@id\":\"https:\\\/\\\/fisio-shop.pt\\\/?product=cadeirao-reclinavel-costa-e-pes-encosto-alto\\\/#organizationLogo\"},\"sameAs\":[\"https:\\\/\\\/www.facebook.com\\\/p\\\/Fisioshop-Comrcio-de-Equipamentos-Lda-100036934916130\\\/\"]},{\"@type\":\"Product\",\"@id\":\"https:\\\/\\\/fisio-shop.pt\\\/?product=cadeirao-reclinavel-costa-e-pes-encosto-alto#wooCommerceProduct\",\"name\":\"CADEIR\\u00c3O RECLIN\\u00c1VEL (COSTA E P\\u00c9S) ENCOSTO ALTO\",\"description\":\"Cadeir\\u00e3o de repouso com 2 amortecedores, barra de apoio nas costas do encosto para fazer deslocar o cadeir\\u00e3o,\\u00a0estrutura estofada a napa.\\n\\nReclina\\u00e7\\u00e3o a 180\\u00ba da estrutura e apoio de pernas\\\/p\\u00e9s atrav\\u00e9s de 2 amortecedores a g\\u00e1s.\",\"url\":\"https:\\\/\\\/fisio-shop.pt\\\/?product=cadeirao-reclinavel-costa-e-pes-encosto-alto\",\"sku\":\"1360\",\"image\":{\"@type\":\"ImageObject\",\"url\":\"https:\\\/\\\/fisio-shop.pt\\\/wp-content\\\/uploads\\\/2026\\\/02\\\/CADEIRAO-JMS-1.jpg\",\"@id\":\"https:\\\/\\\/fisio-shop.pt\\\/?product=cadeirao-reclinavel-costa-e-pes-encosto-alto\\\/#productImage\",\"width\":389,\"height\":448},\"offers\":{\"@type\":\"Offer\",\"url\":\"https:\\\/\\\/fisio-shop.pt\\\/?product=cadeirao-reclinavel-costa-e-pes-encosto-alto#wooCommerceOffer\",\"price\":0,\"priceCurrency\":\"EUR\",\"category\":\"Geriatria\",\"availability\":\"https:\\\/\\\/schema.org\\\/InStock\",\"seller\":{\"@type\":\"Organization\",\"@id\":\"https:\\\/\\\/fisio-shop.pt\\\/#organization\"}}},{\"@type\":\"WebPage\",\"@id\":\"https:\\\/\\\/fisio-shop.pt\\\/?product=cadeirao-reclinavel-costa-e-pes-encosto-alto#webpage\",\"url\":\"https:\\\/\\\/fisio-shop.pt\\\/?product=cadeirao-reclinavel-costa-e-pes-encosto-alto\",\"name\":\"CADEIR\\u00c3O RECLIN\\u00c1VEL (COSTA E P\\u00c9S) ENCOSTO ALTO - Fisio-shop\",\"description\":\"Cadeir\\u00e3o de repouso com 2 amortecedores, barra de apoio nas costas do encosto para fazer deslocar o cadeir\\u00e3o, estrutura estofada a napa. Reclina\\u00e7\\u00e3o a 180\\u00ba da estrutura e apoio de pernas\\\/p\\u00e9s atrav\\u00e9s de 2 amortecedores a g\\u00e1s.\",\"inLanguage\":\"pt-PT\",\"isPartOf\":{\"@id\":\"https:\\\/\\\/fisio-shop.pt\\\/#website\"},\"breadcrumb\":{\"@id\":\"https:\\\/\\\/fisio-shop.pt\\\/?product=cadeirao-reclinavel-costa-e-pes-encosto-alto#breadcrumblist\"},\"image\":{\"@type\":\"ImageObject\",\"url\":\"https:\\\/\\\/fisio-shop.pt\\\/wp-content\\\/uploads\\\/2026\\\/02\\\/CADEIRAO-JMS-1.jpg\",\"@id\":\"https:\\\/\\\/fisio-shop.pt\\\/?product=cadeirao-reclinavel-costa-e-pes-encosto-alto\\\/#mainImage\",\"width\":389,\"height\":448},\"primaryImageOfPage\":{\"@id\":\"https:\\\/\\\/fisio-shop.pt\\\/?product=cadeirao-reclinavel-costa-e-pes-encosto-alto#mainImage\"},\"datePublished\":\"2017-06-26T12:58:48+00:00\",\"dateModified\":\"2026-02-25T19:57:32+00:00\"},{\"@type\":\"WebSite\",\"@id\":\"https:\\\/\\\/fisio-shop.pt\\\/#website\",\"url\":\"https:\\\/\\\/fisio-shop.pt\\\/\",\"name\":\"Fisio-shop\",\"description\":\"Empresa especializada na distribui\\u00e7\\u00e3o de equipamentos profissionais para os mercados da Fisioterapia, Geriatria, Fitness e Medicina Desportiva.\",\"inLanguage\":\"pt-PT\",\"publisher\":{\"@id\":\"https:\\\/\\\/fisio-shop.pt\\\/#organization\"}}]}\n\t\t<\/script>\n\t\t<!-- All in One SEO Pro -->\r\n\t\t<title>CADEIR\u00c3O RECLIN\u00c1VEL (COSTA E P\u00c9S) ENCOSTO ALTO - Fisio-shop<\/title>\n\n","aioseo_head_json":{"title":"CADEIR\u00c3O RECLIN\u00c1VEL (COSTA E P\u00c9S) ENCOSTO ALTO - Fisio-shop","description":"Cadeir\u00e3o de repouso com 2 amortecedores, barra de apoio nas costas do encosto para fazer deslocar o cadeir\u00e3o, estrutura estofada a napa. Reclina\u00e7\u00e3o a 180\u00ba da estrutura e apoio de pernas\/p\u00e9s atrav\u00e9s de 2 amortecedores a g\u00e1s.","canonical_url":"https:\/\/fisio-shop.pt\/?product=cadeirao-reclinavel-costa-e-pes-encosto-alto","robots":"max-image-preview:large","keywords":"","webmasterTools":{"miscellaneous":""},"schema":{"@context":"https:\/\/schema.org","@graph":[{"@type":"BreadcrumbList","@id":"https:\/\/fisio-shop.pt\/?product=cadeirao-reclinavel-costa-e-pes-encosto-alto#breadcrumblist","itemListElement":[{"@type":"ListItem","@id":"https:\/\/fisio-shop.pt#listItem","position":1,"name":"Home","item":"https:\/\/fisio-shop.pt","nextItem":{"@type":"ListItem","@id":"https:\/\/fisio-shop.pt\/?page_id=5#listItem","name":"Loja"}},{"@type":"ListItem","@id":"https:\/\/fisio-shop.pt\/?page_id=5#listItem","position":2,"name":"Loja","item":"https:\/\/fisio-shop.pt\/?page_id=5","nextItem":{"@type":"ListItem","@id":"https:\/\/fisio-shop.pt\/?product_cat=geriatria#listItem","name":"Geriatria"},"previousItem":{"@type":"ListItem","@id":"https:\/\/fisio-shop.pt#listItem","name":"Home"}},{"@type":"ListItem","@id":"https:\/\/fisio-shop.pt\/?product_cat=geriatria#listItem","position":3,"name":"Geriatria","item":"https:\/\/fisio-shop.pt\/?product_cat=geriatria","nextItem":{"@type":"ListItem","@id":"https:\/\/fisio-shop.pt\/?product_cat=mobiliario-de-quarto#listItem","name":"Mobili\u00e1rio de quarto - Geriatria"},"previousItem":{"@type":"ListItem","@id":"https:\/\/fisio-shop.pt\/?page_id=5#listItem","name":"Loja"}},{"@type":"ListItem","@id":"https:\/\/fisio-shop.pt\/?product_cat=mobiliario-de-quarto#listItem","position":4,"name":"Mobili\u00e1rio de quarto - Geriatria","item":"https:\/\/fisio-shop.pt\/?product_cat=mobiliario-de-quarto","nextItem":{"@type":"ListItem","@id":"https:\/\/fisio-shop.pt\/?product_cat=complementos-para-quarto#listItem","name":"Complementos para quarto"},"previousItem":{"@type":"ListItem","@id":"https:\/\/fisio-shop.pt\/?product_cat=geriatria#listItem","name":"Geriatria"}},{"@type":"ListItem","@id":"https:\/\/fisio-shop.pt\/?product_cat=complementos-para-quarto#listItem","position":5,"name":"Complementos para quarto","item":"https:\/\/fisio-shop.pt\/?product_cat=complementos-para-quarto","nextItem":{"@type":"ListItem","@id":"https:\/\/fisio-shop.pt\/?product_cat=maples-e-cadeiroes#listItem","name":"Maples e cadeir\u00f5es"},"previousItem":{"@type":"ListItem","@id":"https:\/\/fisio-shop.pt\/?product_cat=mobiliario-de-quarto#listItem","name":"Mobili\u00e1rio de quarto - Geriatria"}},{"@type":"ListItem","@id":"https:\/\/fisio-shop.pt\/?product_cat=maples-e-cadeiroes#listItem","position":6,"name":"Maples e cadeir\u00f5es","item":"https:\/\/fisio-shop.pt\/?product_cat=maples-e-cadeiroes","nextItem":{"@type":"ListItem","@id":"https:\/\/fisio-shop.pt\/?product=cadeirao-reclinavel-costa-e-pes-encosto-alto#listItem","name":"CADEIR\u00c3O RECLIN\u00c1VEL (COSTA E P\u00c9S) ENCOSTO ALTO"},"previousItem":{"@type":"ListItem","@id":"https:\/\/fisio-shop.pt\/?product_cat=complementos-para-quarto#listItem","name":"Complementos para quarto"}},{"@type":"ListItem","@id":"https:\/\/fisio-shop.pt\/?product=cadeirao-reclinavel-costa-e-pes-encosto-alto#listItem","position":7,"name":"CADEIR\u00c3O RECLIN\u00c1VEL (COSTA E P\u00c9S) ENCOSTO ALTO","previousItem":{"@type":"ListItem","@id":"https:\/\/fisio-shop.pt\/?product_cat=maples-e-cadeiroes#listItem","name":"Maples e cadeir\u00f5es"}}]},{"@type":"Organization","@id":"https:\/\/fisio-shop.pt\/#organization","name":"Fisio-shop","description":"Empresa especializada na distribui\u00e7\u00e3o de equipamentos profissionais para os mercados da Fisioterapia, Geriatria, Fitness e Medicina Desportiva. Empresa especializada na distribui\u00e7\u00e3o de equipamentos profissionais para os mercados da Fisioterapia, Geriatria, Fitness e Medicina Desportiva.","url":"https:\/\/fisio-shop.pt\/","logo":{"@type":"ImageObject","url":"https:\/\/fisio-shop.pt\/wp-content\/uploads\/2026\/04\/android-chrome-192x192-1.png","@id":"https:\/\/fisio-shop.pt\/?product=cadeirao-reclinavel-costa-e-pes-encosto-alto\/#organizationLogo"},"image":{"@id":"https:\/\/fisio-shop.pt\/?product=cadeirao-reclinavel-costa-e-pes-encosto-alto\/#organizationLogo"},"sameAs":["https:\/\/www.facebook.com\/p\/Fisioshop-Comrcio-de-Equipamentos-Lda-100036934916130\/"]},{"@type":"Product","@id":"https:\/\/fisio-shop.pt\/?product=cadeirao-reclinavel-costa-e-pes-encosto-alto#wooCommerceProduct","name":"CADEIR\u00c3O RECLIN\u00c1VEL (COSTA E P\u00c9S) ENCOSTO ALTO","description":"Cadeir\u00e3o de repouso com 2 amortecedores, barra de apoio nas costas do encosto para fazer deslocar o cadeir\u00e3o,\u00a0estrutura estofada a napa.\n\nReclina\u00e7\u00e3o a 180\u00ba da estrutura e apoio de pernas\/p\u00e9s atrav\u00e9s de 2 amortecedores a g\u00e1s.","url":"https:\/\/fisio-shop.pt\/?product=cadeirao-reclinavel-costa-e-pes-encosto-alto","sku":"1360","image":{"@type":"ImageObject","url":"https:\/\/fisio-shop.pt\/wp-content\/uploads\/2026\/02\/CADEIRAO-JMS-1.jpg","@id":"https:\/\/fisio-shop.pt\/?product=cadeirao-reclinavel-costa-e-pes-encosto-alto\/#productImage","width":389,"height":448},"offers":{"@type":"Offer","url":"https:\/\/fisio-shop.pt\/?product=cadeirao-reclinavel-costa-e-pes-encosto-alto#wooCommerceOffer","price":0,"priceCurrency":"EUR","category":"Geriatria","availability":"https:\/\/schema.org\/InStock","seller":{"@type":"Organization","@id":"https:\/\/fisio-shop.pt\/#organization"}}},{"@type":"WebPage","@id":"https:\/\/fisio-shop.pt\/?product=cadeirao-reclinavel-costa-e-pes-encosto-alto#webpage","url":"https:\/\/fisio-shop.pt\/?product=cadeirao-reclinavel-costa-e-pes-encosto-alto","name":"CADEIR\u00c3O RECLIN\u00c1VEL (COSTA E P\u00c9S) ENCOSTO ALTO - Fisio-shop","description":"Cadeir\u00e3o de repouso com 2 amortecedores, barra de apoio nas costas do encosto para fazer deslocar o cadeir\u00e3o, estrutura estofada a napa. Reclina\u00e7\u00e3o a 180\u00ba da estrutura e apoio de pernas\/p\u00e9s atrav\u00e9s de 2 amortecedores a g\u00e1s.","inLanguage":"pt-PT","isPartOf":{"@id":"https:\/\/fisio-shop.pt\/#website"},"breadcrumb":{"@id":"https:\/\/fisio-shop.pt\/?product=cadeirao-reclinavel-costa-e-pes-encosto-alto#breadcrumblist"},"image":{"@type":"ImageObject","url":"https:\/\/fisio-shop.pt\/wp-content\/uploads\/2026\/02\/CADEIRAO-JMS-1.jpg","@id":"https:\/\/fisio-shop.pt\/?product=cadeirao-reclinavel-costa-e-pes-encosto-alto\/#mainImage","width":389,"height":448},"primaryImageOfPage":{"@id":"https:\/\/fisio-shop.pt\/?product=cadeirao-reclinavel-costa-e-pes-encosto-alto#mainImage"},"datePublished":"2017-06-26T12:58:48+00:00","dateModified":"2026-02-25T19:57:32+00:00"},{"@type":"WebSite","@id":"https:\/\/fisio-shop.pt\/#website","url":"https:\/\/fisio-shop.pt\/","name":"Fisio-shop","description":"Empresa especializada na distribui\u00e7\u00e3o de equipamentos profissionais para os mercados da Fisioterapia, Geriatria, Fitness e Medicina Desportiva.","inLanguage":"pt-PT","publisher":{"@id":"https:\/\/fisio-shop.pt\/#organization"}}]},"og:locale":"pt_PT","og:site_name":"Fisio-shop - Empresa especializada na distribui\u00e7\u00e3o de equipamentos profissionais para os mercados da Fisioterapia, Geriatria, Fitness e Medicina Desportiva.","og:type":"article","og:title":"CADEIR\u00c3O RECLIN\u00c1VEL (COSTA E P\u00c9S) ENCOSTO ALTO - Fisio-shop","og:description":"Cadeir\u00e3o de repouso com 2 amortecedores, barra de apoio nas costas do encosto para fazer deslocar o cadeir\u00e3o, estrutura estofada a napa. Reclina\u00e7\u00e3o a 180\u00ba da estrutura e apoio de pernas\/p\u00e9s atrav\u00e9s de 2 amortecedores a g\u00e1s.","og:url":"https:\/\/fisio-shop.pt\/?product=cadeirao-reclinavel-costa-e-pes-encosto-alto","og:image":"https:\/\/fisio-shop.pt\/wp-content\/uploads\/2026\/04\/android-chrome-192x192-1.png","og:image:secure_url":"https:\/\/fisio-shop.pt\/wp-content\/uploads\/2026\/04\/android-chrome-192x192-1.png","article:published_time":"2017-06-26T12:58:48+00:00","article:modified_time":"2026-02-25T19:57:32+00:00","article:publisher":"https:\/\/www.facebook.com\/p\/Fisioshop-Comrcio-de-Equipamentos-Lda-100036934916130\/","twitter:card":"summary_large_image","twitter:title":"CADEIR\u00c3O RECLIN\u00c1VEL (COSTA E P\u00c9S) ENCOSTO ALTO - Fisio-shop","twitter:description":"Cadeir\u00e3o de repouso com 2 amortecedores, barra de apoio nas costas do encosto para fazer deslocar o cadeir\u00e3o, estrutura estofada a napa. Reclina\u00e7\u00e3o a 180\u00ba da estrutura e apoio de pernas\/p\u00e9s atrav\u00e9s de 2 amortecedores a g\u00e1s.","twitter:image":"https:\/\/fisio-shop.pt\/wp-content\/uploads\/2026\/04\/android-chrome-192x192-1.png"},"aioseo_meta_data":{"post_id":"9020","title":null,"description":null,"keywords":null,"keyphrases":null,"primary_term":null,"canonical_url":null,"og_title":null,"og_description":null,"og_object_type":"default","og_image_type":"default","og_image_url":null,"og_image_width":null,"og_image_height":null,"og_image_custom_url":null,"og_image_custom_fields":null,"og_video":null,"og_custom_url":null,"og_article_section":null,"og_article_tags":null,"twitter_use_og":false,"twitter_card":"default","twitter_image_type":"default","twitter_image_url":null,"twitter_image_custom_url":null,"twitter_image_custom_fields":null,"twitter_title":null,"twitter_description":null,"schema":{"blockGraphs":[],"customGraphs":[],"default":{"data":{"Article":[],"Course":[],"Dataset":[],"FAQPage":[],"Movie":[],"Person":[],"Product":[],"ProductReview":[],"Car":[],"Recipe":[],"Service":[],"SoftwareApplication":[],"WebPage":[]},"graphName":"","isEnabled":true},"graphs":[]},"schema_type":"default","schema_type_options":null,"pillar_content":false,"robots_default":true,"robots_noindex":false,"robots_noarchive":false,"robots_nosnippet":false,"robots_nofollow":false,"robots_noimageindex":false,"robots_noodp":false,"robots_notranslate":false,"robots_max_snippet":null,"robots_max_videopreview":null,"robots_max_imagepreview":"large","priority":null,"frequency":null,"local_seo":null,"seo_analyzer_scan_date":"2026-04-18 10:55:12","breadcrumb_settings":null,"limit_modified_date":false,"open_ai":null,"ai":null,"created":"2026-04-18 07:02:19","updated":"2026-04-18 21:51:01"},"aioseo_breadcrumb":"<div class=\"aioseo-breadcrumbs\"><span class=\"aioseo-breadcrumb\">\n\t<a href=\"https:\/\/fisio-shop.pt\" title=\"Home\">Home<\/a>\n<\/span><span class=\"aioseo-breadcrumb-separator\">\u00bb<\/span><span class=\"aioseo-breadcrumb\">\n\t<a href=\"https:\/\/fisio-shop.pt\/?page_id=5\" title=\"Loja\">Loja<\/a>\n<\/span><span class=\"aioseo-breadcrumb-separator\">\u00bb<\/span><span class=\"aioseo-breadcrumb\">\n\t<a href=\"https:\/\/fisio-shop.pt\/?product_cat=geriatria\" title=\"Geriatria\">Geriatria<\/a>\n<\/span><span class=\"aioseo-breadcrumb-separator\">\u00bb<\/span><span class=\"aioseo-breadcrumb\">\n\t<a href=\"https:\/\/fisio-shop.pt\/?product_cat=mobiliario-de-quarto\" title=\"Mobili\u00e1rio de quarto - Geriatria\">Mobili\u00e1rio de quarto - Geriatria<\/a>\n<\/span><span class=\"aioseo-breadcrumb-separator\">\u00bb<\/span><span class=\"aioseo-breadcrumb\">\n\t<a href=\"https:\/\/fisio-shop.pt\/?product_cat=complementos-para-quarto\" title=\"Complementos para quarto\">Complementos para quarto<\/a>\n<\/span><span class=\"aioseo-breadcrumb-separator\">\u00bb<\/span><span class=\"aioseo-breadcrumb\">\n\t<a href=\"https:\/\/fisio-shop.pt\/?product_cat=maples-e-cadeiroes\" title=\"Maples e cadeir\u00f5es\">Maples e cadeir\u00f5es<\/a>\n<\/span><span class=\"aioseo-breadcrumb-separator\">\u00bb<\/span><span class=\"aioseo-breadcrumb\">\n\tCADEIR\u00c3O RECLIN\u00c1VEL (COSTA E P\u00c9S) ENCOSTO ALTO\n<\/span><\/div>","aioseo_breadcrumb_json":[{"label":"Home","link":"https:\/\/fisio-shop.pt"},{"label":"Loja","link":"https:\/\/fisio-shop.pt\/?page_id=5"},{"label":"Geriatria","link":"https:\/\/fisio-shop.pt\/?product_cat=geriatria"},{"label":"Mobili\u00e1rio de quarto - Geriatria","link":"https:\/\/fisio-shop.pt\/?product_cat=mobiliario-de-quarto"},{"label":"Complementos para quarto","link":"https:\/\/fisio-shop.pt\/?product_cat=complementos-para-quarto"},{"label":"Maples e cadeir\u00f5es","link":"https:\/\/fisio-shop.pt\/?product_cat=maples-e-cadeiroes"},{"label":"CADEIR\u00c3O RECLIN\u00c1VEL (COSTA E P\u00c9S) ENCOSTO ALTO","link":"https:\/\/fisio-shop.pt\/?product=cadeirao-reclinavel-costa-e-pes-encosto-alto"}],"_links":{"self":[{"href":"https:\/\/fisio-shop.pt\/index.php?rest_route=\/wp\/v2\/product\/9020","targetHints":{"allow":["GET"]}}],"collection":[{"href":"https:\/\/fisio-shop.pt\/index.php?rest_route=\/wp\/v2\/product"}],"about":[{"href":"https:\/\/fisio-shop.pt\/index.php?rest_route=\/wp\/v2\/types\/product"}],"replies":[{"embeddable":true,"href":"https:\/\/fisio-shop.pt\/index.php?rest_route=%2Fwp%2Fv2%2Fcomments&post=9020"}],"version-history":[{"count":0,"href":"https:\/\/fisio-shop.pt\/index.php?rest_route=\/wp\/v2\/product\/9020\/revisions"}],"wp:featuredmedia":[{"embeddable":true,"href":"https:\/\/fisio-shop.pt\/index.php?rest_route=\/wp\/v2\/media\/11342"}],"wp:attachment":[{"href":"https:\/\/fisio-shop.pt\/index.php?rest_route=%2Fwp%2Fv2%2Fmedia&parent=9020"}],"wp:term":[{"taxonomy":"product_brand","embeddable":true,"href":"https:\/\/fisio-shop.pt\/index.php?rest_route=%2Fwp%2Fv2%2Fproduct_brand&post=9020"},{"taxonomy":"product_cat","embeddable":true,"href":"https:\/\/fisio-shop.pt\/index.php?rest_route=%2Fwp%2Fv2%2Fproduct_cat&post=9020"},{"taxonomy":"product_tag","embeddable":true,"href":"https:\/\/fisio-shop.pt\/index.php?rest_route=%2Fwp%2Fv2%2Fproduct_tag&post=9020"}],"curies":[{"name":"wp","href":"https:\/\/api.w.org\/{rel}","templated":true}]}}