{"id":9802,"date":"2017-12-19T16:34:07","date_gmt":"2017-12-19T16:34:07","guid":{"rendered":"https:\/\/fisio-shop.pt\/loja\/sistema-pressoterapia-6-camaras-mk400l\/"},"modified":"2026-02-25T20:02:29","modified_gmt":"2026-02-25T20:02:29","slug":"sistema-pressoterapia-6-camaras-mk400l","status":"publish","type":"product","link":"https:\/\/fisio-shop.pt\/?product=sistema-pressoterapia-6-camaras-mk400l","title":{"rendered":"SISTEMA DE PRESSOTERAPIA COM 6 C\u00c2MARAS PRESSO400L"},"content":{"rendered":"<ul>\n<li>Equipamento de uso profissional em ambiente cl\u00ednico e hospitalar;<\/li>\n<li>Painel com gr\u00e1fico indicativo de c\u00e2mara em enchimento;<\/li>\n<li>6 C\u00e2maras de press\u00e3o por membro;<\/li>\n<li>Possibilidade de anular a insufla\u00e7\u00e3o individual de uma ou mais c\u00e2maras;<\/li>\n<li>3 Modos de enchimento: alternado, sequencial e completo;<\/li>\n<li>Modo de invers\u00e3o do ciclo de enchimento;<\/li>\n<li>Possibilidade liga\u00e7\u00e3o de 2 mangas em simult\u00e2neo;<\/li>\n<li>Compressor silencioso de baixa vibra\u00e7\u00e3o;<\/li>\n<li>Vazamento autom\u00e1tico no final de tratamento;<\/li>\n<li>Possibilidade de interrup\u00e7\u00e3o do tratamento pelo paciente atrav\u00e9s de um bot\u00e3o start\/stop;<\/li>\n<li>Velocidade de enchimento regul\u00e1vel de 1 a 6 n\u00edveis;<\/li>\n<li>Press\u00e3o regul\u00e1vel atrav\u00e9s de sensor de controlo electr\u00f3nico;<\/li>\n<li>Press\u00e3o regul\u00e1vel progressivamente 10-200mm\/Hg;<\/li>\n<li>Temporizador de tratamento: 1 &#8211; 90min;<\/li>\n<li>Dimens\u00f5es 415 x 310 x 160mm;<\/li>\n<li>Peso 6,5Kg;<\/li>\n<li>Conforme normas CE;<\/li>\n<li>Inclui 2 botas tamanho XL (85 x 31 cm);<\/li>\n<li>Pais de origem: It\u00e1lia<\/li>\n<\/ul>\n<p><strong>C\u00d3DIGO: ELE0007<\/strong><\/p>\n<p><strong>Acess\u00f3rios opcionais:<\/strong><\/p>\n<ul>\n<li>Manga para bra\u00e7o (Ref: CON0105)<\/li>\n<li>Manga para abd\u00f3men (Ref: CON0104)<\/li>\n<\/ul>\n","protected":false},"excerpt":{"rendered":"<p>Sistema de pressoterapia sequencial com 6 c\u00e2maras, especificamente concebido para uso profissional em ambiente cl\u00ednico e hospitalar.<\/p>\n","protected":false},"featured_media":12039,"comment_status":"open","ping_status":"closed","template":"","meta":{"rs_blank_template":"","rs_page_bg_color":"","slide_template_v7":""},"product_brand":[],"product_cat":[1397,1401,1423,1425],"product_tag":[913,914],"class_list":{"0":"post-9802","1":"product","2":"type-product","3":"status-publish","4":"has-post-thumbnail","6":"product_cat-saude","7":"product_cat-equipamentos-para-medicina-fisica-e-reabilitacao","8":"product_cat-masso-e-pressoterapia","9":"product_cat-pressoterapia","10":"product_tag-pressoterapia-sequencial","11":"product_tag-sistema-compressivo","13":"first","14":"instock","15":"shipping-taxable","16":"purchasable","17":"product-type-simple"},"aioseo_notices":[],"etheme_brands":{"errors":{"invalid_taxonomy":["Taxonomia inv\u00e1lida."]},"error_data":[]},"aioseo_head":"\n\t\t<!-- All in One SEO Pro 4.9.0 - aioseo.com -->\n\t<meta name=\"description\" content=\"Sistema de pressoterapia sequencial com 6 c\u00e2maras, especificamente concebido para uso profissional em ambiente cl\u00ednico e hospitalar.\" \/>\n\t<meta name=\"robots\" content=\"max-image-preview:large\" \/>\n\t<link rel=\"canonical\" href=\"https:\/\/fisio-shop.pt\/?product=sistema-pressoterapia-6-camaras-mk400l\" \/>\n\t<meta name=\"generator\" content=\"All in One SEO Pro (AIOSEO) 4.9.0\" \/>\n\t\t<meta property=\"og:locale\" content=\"pt_PT\" \/>\n\t\t<meta property=\"og:site_name\" content=\"Fisio-shop - Empresa especializada na distribui\u00e7\u00e3o de equipamentos profissionais para os mercados da Fisioterapia, Geriatria, Fitness e Medicina Desportiva.\" \/>\n\t\t<meta property=\"og:type\" content=\"article\" \/>\n\t\t<meta property=\"og:title\" content=\"SISTEMA DE PRESSOTERAPIA COM 6 C\u00c2MARAS PRESSO400L - Fisio-shop\" \/>\n\t\t<meta property=\"og:description\" content=\"Sistema de pressoterapia sequencial com 6 c\u00e2maras, especificamente concebido para uso profissional em ambiente cl\u00ednico e hospitalar.\" \/>\n\t\t<meta property=\"og:url\" content=\"https:\/\/fisio-shop.pt\/?product=sistema-pressoterapia-6-camaras-mk400l\" \/>\n\t\t<meta property=\"og:image\" content=\"https:\/\/fisio-shop.pt\/wp-content\/uploads\/2026\/04\/android-chrome-192x192-1.png\" \/>\n\t\t<meta property=\"og:image:secure_url\" content=\"https:\/\/fisio-shop.pt\/wp-content\/uploads\/2026\/04\/android-chrome-192x192-1.png\" \/>\n\t\t<meta property=\"article:published_time\" content=\"2017-12-19T16:34:07+00:00\" \/>\n\t\t<meta property=\"article:modified_time\" content=\"2026-02-25T20:02:29+00:00\" \/>\n\t\t<meta property=\"article:publisher\" content=\"https:\/\/www.facebook.com\/p\/Fisioshop-Comrcio-de-Equipamentos-Lda-100036934916130\/\" \/>\n\t\t<meta name=\"twitter:card\" content=\"summary_large_image\" \/>\n\t\t<meta name=\"twitter:title\" content=\"SISTEMA DE PRESSOTERAPIA COM 6 C\u00c2MARAS PRESSO400L - Fisio-shop\" \/>\n\t\t<meta name=\"twitter:description\" content=\"Sistema de pressoterapia sequencial com 6 c\u00e2maras, especificamente concebido para uso profissional em ambiente cl\u00ednico e hospitalar.\" \/>\n\t\t<meta name=\"twitter:image\" content=\"https:\/\/fisio-shop.pt\/wp-content\/uploads\/2026\/04\/android-chrome-192x192-1.png\" \/>\n\t\t<script type=\"application\/ld+json\" class=\"aioseo-schema\">\n\t\t\t{\"@context\":\"https:\\\/\\\/schema.org\",\"@graph\":[{\"@type\":\"BreadcrumbList\",\"@id\":\"https:\\\/\\\/fisio-shop.pt\\\/?product=sistema-pressoterapia-6-camaras-mk400l#breadcrumblist\",\"itemListElement\":[{\"@type\":\"ListItem\",\"@id\":\"https:\\\/\\\/fisio-shop.pt#listItem\",\"position\":1,\"name\":\"Home\",\"item\":\"https:\\\/\\\/fisio-shop.pt\",\"nextItem\":{\"@type\":\"ListItem\",\"@id\":\"https:\\\/\\\/fisio-shop.pt\\\/?page_id=5#listItem\",\"name\":\"Loja\"}},{\"@type\":\"ListItem\",\"@id\":\"https:\\\/\\\/fisio-shop.pt\\\/?page_id=5#listItem\",\"position\":2,\"name\":\"Loja\",\"item\":\"https:\\\/\\\/fisio-shop.pt\\\/?page_id=5\",\"nextItem\":{\"@type\":\"ListItem\",\"@id\":\"https:\\\/\\\/fisio-shop.pt\\\/?product_cat=saude#listItem\",\"name\":\"Sa\\u00fade\"},\"previousItem\":{\"@type\":\"ListItem\",\"@id\":\"https:\\\/\\\/fisio-shop.pt#listItem\",\"name\":\"Home\"}},{\"@type\":\"ListItem\",\"@id\":\"https:\\\/\\\/fisio-shop.pt\\\/?product_cat=saude#listItem\",\"position\":3,\"name\":\"Sa\\u00fade\",\"item\":\"https:\\\/\\\/fisio-shop.pt\\\/?product_cat=saude\",\"nextItem\":{\"@type\":\"ListItem\",\"@id\":\"https:\\\/\\\/fisio-shop.pt\\\/?product_cat=equipamentos-para-medicina-fisica-e-reabilitacao#listItem\",\"name\":\"Equipamentos para medicina f\\u00edsica e reabilita\\u00e7\\u00e3o\"},\"previousItem\":{\"@type\":\"ListItem\",\"@id\":\"https:\\\/\\\/fisio-shop.pt\\\/?page_id=5#listItem\",\"name\":\"Loja\"}},{\"@type\":\"ListItem\",\"@id\":\"https:\\\/\\\/fisio-shop.pt\\\/?product_cat=equipamentos-para-medicina-fisica-e-reabilitacao#listItem\",\"position\":4,\"name\":\"Equipamentos para medicina f\\u00edsica e reabilita\\u00e7\\u00e3o\",\"item\":\"https:\\\/\\\/fisio-shop.pt\\\/?product_cat=equipamentos-para-medicina-fisica-e-reabilitacao\",\"nextItem\":{\"@type\":\"ListItem\",\"@id\":\"https:\\\/\\\/fisio-shop.pt\\\/?product_cat=masso-e-pressoterapia#listItem\",\"name\":\"Masso e pressoterapia\"},\"previousItem\":{\"@type\":\"ListItem\",\"@id\":\"https:\\\/\\\/fisio-shop.pt\\\/?product_cat=saude#listItem\",\"name\":\"Sa\\u00fade\"}},{\"@type\":\"ListItem\",\"@id\":\"https:\\\/\\\/fisio-shop.pt\\\/?product_cat=masso-e-pressoterapia#listItem\",\"position\":5,\"name\":\"Masso e pressoterapia\",\"item\":\"https:\\\/\\\/fisio-shop.pt\\\/?product_cat=masso-e-pressoterapia\",\"nextItem\":{\"@type\":\"ListItem\",\"@id\":\"https:\\\/\\\/fisio-shop.pt\\\/?product_cat=pressoterapia#listItem\",\"name\":\"Pressoterapia\"},\"previousItem\":{\"@type\":\"ListItem\",\"@id\":\"https:\\\/\\\/fisio-shop.pt\\\/?product_cat=equipamentos-para-medicina-fisica-e-reabilitacao#listItem\",\"name\":\"Equipamentos para medicina f\\u00edsica e reabilita\\u00e7\\u00e3o\"}},{\"@type\":\"ListItem\",\"@id\":\"https:\\\/\\\/fisio-shop.pt\\\/?product_cat=pressoterapia#listItem\",\"position\":6,\"name\":\"Pressoterapia\",\"item\":\"https:\\\/\\\/fisio-shop.pt\\\/?product_cat=pressoterapia\",\"nextItem\":{\"@type\":\"ListItem\",\"@id\":\"https:\\\/\\\/fisio-shop.pt\\\/?product=sistema-pressoterapia-6-camaras-mk400l#listItem\",\"name\":\"SISTEMA DE PRESSOTERAPIA COM 6 C\\u00c2MARAS PRESSO400L\"},\"previousItem\":{\"@type\":\"ListItem\",\"@id\":\"https:\\\/\\\/fisio-shop.pt\\\/?product_cat=masso-e-pressoterapia#listItem\",\"name\":\"Masso e pressoterapia\"}},{\"@type\":\"ListItem\",\"@id\":\"https:\\\/\\\/fisio-shop.pt\\\/?product=sistema-pressoterapia-6-camaras-mk400l#listItem\",\"position\":7,\"name\":\"SISTEMA DE PRESSOTERAPIA COM 6 C\\u00c2MARAS PRESSO400L\",\"previousItem\":{\"@type\":\"ListItem\",\"@id\":\"https:\\\/\\\/fisio-shop.pt\\\/?product_cat=pressoterapia#listItem\",\"name\":\"Pressoterapia\"}}]},{\"@type\":\"Organization\",\"@id\":\"https:\\\/\\\/fisio-shop.pt\\\/#organization\",\"name\":\"Fisio-shop\",\"description\":\"Empresa especializada na distribui\\u00e7\\u00e3o de equipamentos profissionais para os mercados da Fisioterapia, Geriatria, Fitness e Medicina Desportiva. Empresa especializada na distribui\\u00e7\\u00e3o de equipamentos profissionais para os mercados da Fisioterapia, Geriatria, Fitness e Medicina Desportiva.\",\"url\":\"https:\\\/\\\/fisio-shop.pt\\\/\",\"logo\":{\"@type\":\"ImageObject\",\"url\":\"https:\\\/\\\/fisio-shop.pt\\\/wp-content\\\/uploads\\\/2026\\\/04\\\/android-chrome-192x192-1.png\",\"@id\":\"https:\\\/\\\/fisio-shop.pt\\\/?product=sistema-pressoterapia-6-camaras-mk400l\\\/#organizationLogo\"},\"image\":{\"@id\":\"https:\\\/\\\/fisio-shop.pt\\\/?product=sistema-pressoterapia-6-camaras-mk400l\\\/#organizationLogo\"},\"sameAs\":[\"https:\\\/\\\/www.facebook.com\\\/p\\\/Fisioshop-Comrcio-de-Equipamentos-Lda-100036934916130\\\/\"]},{\"@type\":\"Product\",\"@id\":\"https:\\\/\\\/fisio-shop.pt\\\/?product=sistema-pressoterapia-6-camaras-mk400l#wooCommerceProduct\",\"name\":\"SISTEMA DE PRESSOTERAPIA COM 6 C\\u00c2MARAS PRESSO400L\",\"description\":\"Sistema de pressoterapia sequencial com 6 c\\u00e2maras, especificamente concebido para uso profissional em ambiente cl\\u00ednico e hospitalar.\",\"url\":\"https:\\\/\\\/fisio-shop.pt\\\/?product=sistema-pressoterapia-6-camaras-mk400l\",\"sku\":\"ELE0007\",\"image\":{\"@type\":\"ImageObject\",\"url\":\"https:\\\/\\\/fisio-shop.pt\\\/wp-content\\\/uploads\\\/2026\\\/02\\\/MK-400-1.jpg\",\"@id\":\"https:\\\/\\\/fisio-shop.pt\\\/?product=sistema-pressoterapia-6-camaras-mk400l\\\/#productImage\",\"width\":350,\"height\":263},\"offers\":{\"@type\":\"Offer\",\"url\":\"https:\\\/\\\/fisio-shop.pt\\\/?product=sistema-pressoterapia-6-camaras-mk400l#wooCommerceOffer\",\"price\":2972.28,\"priceCurrency\":\"EUR\",\"category\":\"Sa\\u00fade\",\"availability\":\"https:\\\/\\\/schema.org\\\/InStock\",\"priceSpecification\":{\"@type\":\"PriceSpecification\",\"price\":2972.28,\"priceCurrency\":\"EUR\",\"valueAddedTaxIncluded\":\"true\"},\"seller\":{\"@type\":\"Organization\",\"@id\":\"https:\\\/\\\/fisio-shop.pt\\\/#organization\"}}},{\"@type\":\"WebPage\",\"@id\":\"https:\\\/\\\/fisio-shop.pt\\\/?product=sistema-pressoterapia-6-camaras-mk400l#webpage\",\"url\":\"https:\\\/\\\/fisio-shop.pt\\\/?product=sistema-pressoterapia-6-camaras-mk400l\",\"name\":\"SISTEMA DE PRESSOTERAPIA COM 6 C\\u00c2MARAS PRESSO400L - Fisio-shop\",\"description\":\"Sistema de pressoterapia sequencial com 6 c\\u00e2maras, especificamente concebido para uso profissional em ambiente cl\\u00ednico e hospitalar.\",\"inLanguage\":\"pt-PT\",\"isPartOf\":{\"@id\":\"https:\\\/\\\/fisio-shop.pt\\\/#website\"},\"breadcrumb\":{\"@id\":\"https:\\\/\\\/fisio-shop.pt\\\/?product=sistema-pressoterapia-6-camaras-mk400l#breadcrumblist\"},\"image\":{\"@type\":\"ImageObject\",\"url\":\"https:\\\/\\\/fisio-shop.pt\\\/wp-content\\\/uploads\\\/2026\\\/02\\\/MK-400-1.jpg\",\"@id\":\"https:\\\/\\\/fisio-shop.pt\\\/?product=sistema-pressoterapia-6-camaras-mk400l\\\/#mainImage\",\"width\":350,\"height\":263},\"primaryImageOfPage\":{\"@id\":\"https:\\\/\\\/fisio-shop.pt\\\/?product=sistema-pressoterapia-6-camaras-mk400l#mainImage\"},\"datePublished\":\"2017-12-19T16:34:07+00:00\",\"dateModified\":\"2026-02-25T20:02:29+00:00\"},{\"@type\":\"WebSite\",\"@id\":\"https:\\\/\\\/fisio-shop.pt\\\/#website\",\"url\":\"https:\\\/\\\/fisio-shop.pt\\\/\",\"name\":\"Fisio-shop\",\"description\":\"Empresa especializada na distribui\\u00e7\\u00e3o de equipamentos profissionais para os mercados da Fisioterapia, Geriatria, Fitness e Medicina Desportiva.\",\"inLanguage\":\"pt-PT\",\"publisher\":{\"@id\":\"https:\\\/\\\/fisio-shop.pt\\\/#organization\"}}]}\n\t\t<\/script>\n\t\t<!-- All in One SEO Pro -->\r\n\t\t<title>SISTEMA DE PRESSOTERAPIA COM 6 C\u00c2MARAS PRESSO400L - Fisio-shop<\/title>\n\n","aioseo_head_json":{"title":"SISTEMA DE PRESSOTERAPIA COM 6 C\u00c2MARAS PRESSO400L - Fisio-shop","description":"Sistema de pressoterapia sequencial com 6 c\u00e2maras, especificamente concebido para uso profissional em ambiente cl\u00ednico e hospitalar.","canonical_url":"https:\/\/fisio-shop.pt\/?product=sistema-pressoterapia-6-camaras-mk400l","robots":"max-image-preview:large","keywords":"","webmasterTools":{"miscellaneous":""},"schema":{"@context":"https:\/\/schema.org","@graph":[{"@type":"BreadcrumbList","@id":"https:\/\/fisio-shop.pt\/?product=sistema-pressoterapia-6-camaras-mk400l#breadcrumblist","itemListElement":[{"@type":"ListItem","@id":"https:\/\/fisio-shop.pt#listItem","position":1,"name":"Home","item":"https:\/\/fisio-shop.pt","nextItem":{"@type":"ListItem","@id":"https:\/\/fisio-shop.pt\/?page_id=5#listItem","name":"Loja"}},{"@type":"ListItem","@id":"https:\/\/fisio-shop.pt\/?page_id=5#listItem","position":2,"name":"Loja","item":"https:\/\/fisio-shop.pt\/?page_id=5","nextItem":{"@type":"ListItem","@id":"https:\/\/fisio-shop.pt\/?product_cat=saude#listItem","name":"Sa\u00fade"},"previousItem":{"@type":"ListItem","@id":"https:\/\/fisio-shop.pt#listItem","name":"Home"}},{"@type":"ListItem","@id":"https:\/\/fisio-shop.pt\/?product_cat=saude#listItem","position":3,"name":"Sa\u00fade","item":"https:\/\/fisio-shop.pt\/?product_cat=saude","nextItem":{"@type":"ListItem","@id":"https:\/\/fisio-shop.pt\/?product_cat=equipamentos-para-medicina-fisica-e-reabilitacao#listItem","name":"Equipamentos para medicina f\u00edsica e reabilita\u00e7\u00e3o"},"previousItem":{"@type":"ListItem","@id":"https:\/\/fisio-shop.pt\/?page_id=5#listItem","name":"Loja"}},{"@type":"ListItem","@id":"https:\/\/fisio-shop.pt\/?product_cat=equipamentos-para-medicina-fisica-e-reabilitacao#listItem","position":4,"name":"Equipamentos para medicina f\u00edsica e reabilita\u00e7\u00e3o","item":"https:\/\/fisio-shop.pt\/?product_cat=equipamentos-para-medicina-fisica-e-reabilitacao","nextItem":{"@type":"ListItem","@id":"https:\/\/fisio-shop.pt\/?product_cat=masso-e-pressoterapia#listItem","name":"Masso e pressoterapia"},"previousItem":{"@type":"ListItem","@id":"https:\/\/fisio-shop.pt\/?product_cat=saude#listItem","name":"Sa\u00fade"}},{"@type":"ListItem","@id":"https:\/\/fisio-shop.pt\/?product_cat=masso-e-pressoterapia#listItem","position":5,"name":"Masso e pressoterapia","item":"https:\/\/fisio-shop.pt\/?product_cat=masso-e-pressoterapia","nextItem":{"@type":"ListItem","@id":"https:\/\/fisio-shop.pt\/?product_cat=pressoterapia#listItem","name":"Pressoterapia"},"previousItem":{"@type":"ListItem","@id":"https:\/\/fisio-shop.pt\/?product_cat=equipamentos-para-medicina-fisica-e-reabilitacao#listItem","name":"Equipamentos para medicina f\u00edsica e reabilita\u00e7\u00e3o"}},{"@type":"ListItem","@id":"https:\/\/fisio-shop.pt\/?product_cat=pressoterapia#listItem","position":6,"name":"Pressoterapia","item":"https:\/\/fisio-shop.pt\/?product_cat=pressoterapia","nextItem":{"@type":"ListItem","@id":"https:\/\/fisio-shop.pt\/?product=sistema-pressoterapia-6-camaras-mk400l#listItem","name":"SISTEMA DE PRESSOTERAPIA COM 6 C\u00c2MARAS PRESSO400L"},"previousItem":{"@type":"ListItem","@id":"https:\/\/fisio-shop.pt\/?product_cat=masso-e-pressoterapia#listItem","name":"Masso e pressoterapia"}},{"@type":"ListItem","@id":"https:\/\/fisio-shop.pt\/?product=sistema-pressoterapia-6-camaras-mk400l#listItem","position":7,"name":"SISTEMA DE PRESSOTERAPIA COM 6 C\u00c2MARAS PRESSO400L","previousItem":{"@type":"ListItem","@id":"https:\/\/fisio-shop.pt\/?product_cat=pressoterapia#listItem","name":"Pressoterapia"}}]},{"@type":"Organization","@id":"https:\/\/fisio-shop.pt\/#organization","name":"Fisio-shop","description":"Empresa especializada na distribui\u00e7\u00e3o de equipamentos profissionais para os mercados da Fisioterapia, Geriatria, Fitness e Medicina Desportiva. Empresa especializada na distribui\u00e7\u00e3o de equipamentos profissionais para os mercados da Fisioterapia, Geriatria, Fitness e Medicina Desportiva.","url":"https:\/\/fisio-shop.pt\/","logo":{"@type":"ImageObject","url":"https:\/\/fisio-shop.pt\/wp-content\/uploads\/2026\/04\/android-chrome-192x192-1.png","@id":"https:\/\/fisio-shop.pt\/?product=sistema-pressoterapia-6-camaras-mk400l\/#organizationLogo"},"image":{"@id":"https:\/\/fisio-shop.pt\/?product=sistema-pressoterapia-6-camaras-mk400l\/#organizationLogo"},"sameAs":["https:\/\/www.facebook.com\/p\/Fisioshop-Comrcio-de-Equipamentos-Lda-100036934916130\/"]},{"@type":"Product","@id":"https:\/\/fisio-shop.pt\/?product=sistema-pressoterapia-6-camaras-mk400l#wooCommerceProduct","name":"SISTEMA DE PRESSOTERAPIA COM 6 C\u00c2MARAS PRESSO400L","description":"Sistema de pressoterapia sequencial com 6 c\u00e2maras, especificamente concebido para uso profissional em ambiente cl\u00ednico e hospitalar.","url":"https:\/\/fisio-shop.pt\/?product=sistema-pressoterapia-6-camaras-mk400l","sku":"ELE0007","image":{"@type":"ImageObject","url":"https:\/\/fisio-shop.pt\/wp-content\/uploads\/2026\/02\/MK-400-1.jpg","@id":"https:\/\/fisio-shop.pt\/?product=sistema-pressoterapia-6-camaras-mk400l\/#productImage","width":350,"height":263},"offers":{"@type":"Offer","url":"https:\/\/fisio-shop.pt\/?product=sistema-pressoterapia-6-camaras-mk400l#wooCommerceOffer","price":2972.28,"priceCurrency":"EUR","category":"Sa\u00fade","availability":"https:\/\/schema.org\/InStock","priceSpecification":{"@type":"PriceSpecification","price":2972.28,"priceCurrency":"EUR","valueAddedTaxIncluded":"true"},"seller":{"@type":"Organization","@id":"https:\/\/fisio-shop.pt\/#organization"}}},{"@type":"WebPage","@id":"https:\/\/fisio-shop.pt\/?product=sistema-pressoterapia-6-camaras-mk400l#webpage","url":"https:\/\/fisio-shop.pt\/?product=sistema-pressoterapia-6-camaras-mk400l","name":"SISTEMA DE PRESSOTERAPIA COM 6 C\u00c2MARAS PRESSO400L - Fisio-shop","description":"Sistema de pressoterapia sequencial com 6 c\u00e2maras, especificamente concebido para uso profissional em ambiente cl\u00ednico e hospitalar.","inLanguage":"pt-PT","isPartOf":{"@id":"https:\/\/fisio-shop.pt\/#website"},"breadcrumb":{"@id":"https:\/\/fisio-shop.pt\/?product=sistema-pressoterapia-6-camaras-mk400l#breadcrumblist"},"image":{"@type":"ImageObject","url":"https:\/\/fisio-shop.pt\/wp-content\/uploads\/2026\/02\/MK-400-1.jpg","@id":"https:\/\/fisio-shop.pt\/?product=sistema-pressoterapia-6-camaras-mk400l\/#mainImage","width":350,"height":263},"primaryImageOfPage":{"@id":"https:\/\/fisio-shop.pt\/?product=sistema-pressoterapia-6-camaras-mk400l#mainImage"},"datePublished":"2017-12-19T16:34:07+00:00","dateModified":"2026-02-25T20:02:29+00:00"},{"@type":"WebSite","@id":"https:\/\/fisio-shop.pt\/#website","url":"https:\/\/fisio-shop.pt\/","name":"Fisio-shop","description":"Empresa especializada na distribui\u00e7\u00e3o de equipamentos profissionais para os mercados da Fisioterapia, Geriatria, Fitness e Medicina Desportiva.","inLanguage":"pt-PT","publisher":{"@id":"https:\/\/fisio-shop.pt\/#organization"}}]},"og:locale":"pt_PT","og:site_name":"Fisio-shop - Empresa especializada na distribui\u00e7\u00e3o de equipamentos profissionais para os mercados da Fisioterapia, Geriatria, Fitness e Medicina Desportiva.","og:type":"article","og:title":"SISTEMA DE PRESSOTERAPIA COM 6 C\u00c2MARAS PRESSO400L - Fisio-shop","og:description":"Sistema de pressoterapia sequencial com 6 c\u00e2maras, especificamente concebido para uso profissional em ambiente cl\u00ednico e hospitalar.","og:url":"https:\/\/fisio-shop.pt\/?product=sistema-pressoterapia-6-camaras-mk400l","og:image":"https:\/\/fisio-shop.pt\/wp-content\/uploads\/2026\/04\/android-chrome-192x192-1.png","og:image:secure_url":"https:\/\/fisio-shop.pt\/wp-content\/uploads\/2026\/04\/android-chrome-192x192-1.png","article:published_time":"2017-12-19T16:34:07+00:00","article:modified_time":"2026-02-25T20:02:29+00:00","article:publisher":"https:\/\/www.facebook.com\/p\/Fisioshop-Comrcio-de-Equipamentos-Lda-100036934916130\/","twitter:card":"summary_large_image","twitter:title":"SISTEMA DE PRESSOTERAPIA COM 6 C\u00c2MARAS PRESSO400L - Fisio-shop","twitter:description":"Sistema de pressoterapia sequencial com 6 c\u00e2maras, especificamente concebido para uso profissional em ambiente cl\u00ednico e hospitalar.","twitter:image":"https:\/\/fisio-shop.pt\/wp-content\/uploads\/2026\/04\/android-chrome-192x192-1.png"},"aioseo_meta_data":{"post_id":"9802","title":null,"description":null,"keywords":null,"keyphrases":null,"primary_term":null,"canonical_url":null,"og_title":null,"og_description":null,"og_object_type":"default","og_image_type":"default","og_image_url":null,"og_image_width":null,"og_image_height":null,"og_image_custom_url":null,"og_image_custom_fields":null,"og_video":null,"og_custom_url":null,"og_article_section":null,"og_article_tags":null,"twitter_use_og":false,"twitter_card":"default","twitter_image_type":"default","twitter_image_url":null,"twitter_image_custom_url":null,"twitter_image_custom_fields":null,"twitter_title":null,"twitter_description":null,"schema":{"blockGraphs":[],"customGraphs":[],"default":{"data":{"Article":[],"Course":[],"Dataset":[],"FAQPage":[],"Movie":[],"Person":[],"Product":[],"ProductReview":[],"Car":[],"Recipe":[],"Service":[],"SoftwareApplication":[],"WebPage":[]},"graphName":"","isEnabled":true},"graphs":[]},"schema_type":"default","schema_type_options":null,"pillar_content":false,"robots_default":true,"robots_noindex":false,"robots_noarchive":false,"robots_nosnippet":false,"robots_nofollow":false,"robots_noimageindex":false,"robots_noodp":false,"robots_notranslate":false,"robots_max_snippet":null,"robots_max_videopreview":null,"robots_max_imagepreview":"large","priority":null,"frequency":null,"local_seo":null,"seo_analyzer_scan_date":"2026-04-18 07:38:09","breadcrumb_settings":null,"limit_modified_date":false,"open_ai":null,"ai":null,"created":"2026-04-18 07:02:19","updated":"2026-04-18 22:22:17"},"aioseo_breadcrumb":"<div class=\"aioseo-breadcrumbs\"><span class=\"aioseo-breadcrumb\">\n\t<a href=\"https:\/\/fisio-shop.pt\" title=\"Home\">Home<\/a>\n<\/span><span class=\"aioseo-breadcrumb-separator\">\u00bb<\/span><span class=\"aioseo-breadcrumb\">\n\t<a href=\"https:\/\/fisio-shop.pt\/?page_id=5\" title=\"Loja\">Loja<\/a>\n<\/span><span class=\"aioseo-breadcrumb-separator\">\u00bb<\/span><span class=\"aioseo-breadcrumb\">\n\t<a href=\"https:\/\/fisio-shop.pt\/?product_cat=saude\" title=\"Sa\u00fade\">Sa\u00fade<\/a>\n<\/span><span class=\"aioseo-breadcrumb-separator\">\u00bb<\/span><span class=\"aioseo-breadcrumb\">\n\t<a href=\"https:\/\/fisio-shop.pt\/?product_cat=equipamentos-para-medicina-fisica-e-reabilitacao\" title=\"Equipamentos para medicina f\u00edsica e reabilita\u00e7\u00e3o\">Equipamentos para medicina f\u00edsica e reabilita\u00e7\u00e3o<\/a>\n<\/span><span class=\"aioseo-breadcrumb-separator\">\u00bb<\/span><span class=\"aioseo-breadcrumb\">\n\t<a href=\"https:\/\/fisio-shop.pt\/?product_cat=masso-e-pressoterapia\" title=\"Masso e pressoterapia\">Masso e pressoterapia<\/a>\n<\/span><span class=\"aioseo-breadcrumb-separator\">\u00bb<\/span><span class=\"aioseo-breadcrumb\">\n\t<a href=\"https:\/\/fisio-shop.pt\/?product_cat=pressoterapia\" title=\"Pressoterapia\">Pressoterapia<\/a>\n<\/span><span class=\"aioseo-breadcrumb-separator\">\u00bb<\/span><span class=\"aioseo-breadcrumb\">\n\tSISTEMA DE PRESSOTERAPIA COM 6 C\u00c2MARAS PRESSO400L\n<\/span><\/div>","aioseo_breadcrumb_json":[{"label":"Home","link":"https:\/\/fisio-shop.pt"},{"label":"Loja","link":"https:\/\/fisio-shop.pt\/?page_id=5"},{"label":"Sa\u00fade","link":"https:\/\/fisio-shop.pt\/?product_cat=saude"},{"label":"Equipamentos para medicina f\u00edsica e reabilita\u00e7\u00e3o","link":"https:\/\/fisio-shop.pt\/?product_cat=equipamentos-para-medicina-fisica-e-reabilitacao"},{"label":"Masso e pressoterapia","link":"https:\/\/fisio-shop.pt\/?product_cat=masso-e-pressoterapia"},{"label":"Pressoterapia","link":"https:\/\/fisio-shop.pt\/?product_cat=pressoterapia"},{"label":"SISTEMA DE PRESSOTERAPIA COM 6 C\u00c2MARAS PRESSO400L","link":"https:\/\/fisio-shop.pt\/?product=sistema-pressoterapia-6-camaras-mk400l"}],"_links":{"self":[{"href":"https:\/\/fisio-shop.pt\/index.php?rest_route=\/wp\/v2\/product\/9802","targetHints":{"allow":["GET"]}}],"collection":[{"href":"https:\/\/fisio-shop.pt\/index.php?rest_route=\/wp\/v2\/product"}],"about":[{"href":"https:\/\/fisio-shop.pt\/index.php?rest_route=\/wp\/v2\/types\/product"}],"replies":[{"embeddable":true,"href":"https:\/\/fisio-shop.pt\/index.php?rest_route=%2Fwp%2Fv2%2Fcomments&post=9802"}],"version-history":[{"count":0,"href":"https:\/\/fisio-shop.pt\/index.php?rest_route=\/wp\/v2\/product\/9802\/revisions"}],"wp:featuredmedia":[{"embeddable":true,"href":"https:\/\/fisio-shop.pt\/index.php?rest_route=\/wp\/v2\/media\/12039"}],"wp:attachment":[{"href":"https:\/\/fisio-shop.pt\/index.php?rest_route=%2Fwp%2Fv2%2Fmedia&parent=9802"}],"wp:term":[{"taxonomy":"product_brand","embeddable":true,"href":"https:\/\/fisio-shop.pt\/index.php?rest_route=%2Fwp%2Fv2%2Fproduct_brand&post=9802"},{"taxonomy":"product_cat","embeddable":true,"href":"https:\/\/fisio-shop.pt\/index.php?rest_route=%2Fwp%2Fv2%2Fproduct_cat&post=9802"},{"taxonomy":"product_tag","embeddable":true,"href":"https:\/\/fisio-shop.pt\/index.php?rest_route=%2Fwp%2Fv2%2Fproduct_tag&post=9802"}],"curies":[{"name":"wp","href":"https:\/\/api.w.org\/{rel}","templated":true}]}}